{"id":30670,"date":"2025-11-10T11:04:01","date_gmt":"2025-11-10T10:04:01","guid":{"rendered":"https:\/\/www.ernstbrunn-apotheke.at\/katalog\/produkt\/multi-gyn-intifresh-tuecher-1-pkg\/"},"modified":"2025-12-08T15:13:21","modified_gmt":"2025-12-08T14:13:21","slug":"multi-gyn-intifresh-tuecher-1-pkg","status":"publish","type":"product","link":"https:\/\/www.ernstbrunn-apotheke.at\/katalog\/produkt\/multi-gyn-intifresh-tuecher-1-pkg\/","title":{"rendered":"Multi-Gyn Intifresh T\u00fccher 1 Pkg."},"content":{"rendered":"<p>Multi-Gyn Intifresh T\u00fccher sind Intimpfleget\u00fccher f\u00fcr ein langanhaltendes Frischegef\u00fchl. Die T\u00fccher haben eine angenehme Reinigungswirkung und beseitigen Geruch. Zudem sind sie zu 100 % biologisch abbaubar und lassen sich perfekt in der Handtasche verstauen.<\/p>\n","protected":false},"excerpt":{"rendered":"<p>Multi-Gyn Intifresh T\u00fccher sind Intimpfleget\u00fccher f\u00fcr ein langanhaltendes Frischegef\u00fchl. Die T\u00fccher haben eine angenehme Reinigungswirkung und beseitigen Geruch. Zudem sind sie zu 100 % biologisch abbaubar und lassen sich perfekt in der Handtasche verstauen.<\/p>\n","protected":false},"featured_media":30672,"template":"","meta":{"_acf_changed":false},"product_brand":[],"product_cat":[800],"product_tag":[],"class_list":{"0":"post-30670","1":"product","2":"type-product","3":"status-publish","4":"has-post-thumbnail","6":"product_cat-m","7":"pa_packungsgroesse-500","9":"first","10":"instock","11":"shipping-taxable","12":"purchasable","13":"product-type-simple"},"acf":[],"_links":{"self":[{"href":"https:\/\/www.ernstbrunn-apotheke.at\/katalog\/wp-json\/wp\/v2\/product\/30670","targetHints":{"allow":["GET"]}}],"collection":[{"href":"https:\/\/www.ernstbrunn-apotheke.at\/katalog\/wp-json\/wp\/v2\/product"}],"about":[{"href":"https:\/\/www.ernstbrunn-apotheke.at\/katalog\/wp-json\/wp\/v2\/types\/product"}],"wp:featuredmedia":[{"embeddable":true,"href":"https:\/\/www.ernstbrunn-apotheke.at\/katalog\/wp-json\/wp\/v2\/media\/30672"}],"wp:attachment":[{"href":"https:\/\/www.ernstbrunn-apotheke.at\/katalog\/wp-json\/wp\/v2\/media?parent=30670"}],"wp:term":[{"taxonomy":"product_brand","embeddable":true,"href":"https:\/\/www.ernstbrunn-apotheke.at\/katalog\/wp-json\/wp\/v2\/product_brand?post=30670"},{"taxonomy":"product_cat","embeddable":true,"href":"https:\/\/www.ernstbrunn-apotheke.at\/katalog\/wp-json\/wp\/v2\/product_cat?post=30670"},{"taxonomy":"product_tag","embeddable":true,"href":"https:\/\/www.ernstbrunn-apotheke.at\/katalog\/wp-json\/wp\/v2\/product_tag?post=30670"}],"curies":[{"name":"wp","href":"https:\/\/api.w.org\/{rel}","templated":true}]}}