{"id":30644,"date":"2025-11-10T11:04:01","date_gmt":"2025-11-10T10:04:01","guid":{"rendered":"https:\/\/www.ernstbrunn-apotheke.at\/katalog\/produkt\/vivatim-salbe-pure-50-ml\/"},"modified":"2025-12-08T15:13:16","modified_gmt":"2025-12-08T14:13:16","slug":"vivatim-salbe-pure-50-ml","status":"publish","type":"product","link":"https:\/\/www.ernstbrunn-apotheke.at\/katalog\/produkt\/vivatim-salbe-pure-50-ml\/","title":{"rendered":"Vivatim Salbe Pure 50 ml"},"content":{"rendered":"<p>Vivatim Salbe Pure bewahrt die Feuchtigkeit des Intimbereiches und unterst\u00fctzt empfindliche Haut bei ihrer Erholung. Die Salbe \u00fcberzeugt mit ihrer \u00e4u\u00dferst guten und gyn\u00e4kologisch best\u00e4tigten Vertr\u00e4glichkeit und ist vor allem zur Langzeitanwendung geeignet.!<\/p>\n","protected":false},"excerpt":{"rendered":"<p>Vivatim Salbe Pure bewahrt die Feuchtigkeit des Intimbereiches und unterst\u00fctzt empfindliche Haut bei ihrer Erholung. Die Salbe \u00fcberzeugt mit ihrer \u00e4u\u00dferst guten und gyn\u00e4kologisch best\u00e4tigten Vertr\u00e4glichkeit und ist vor allem zur Langzeitanwendung geeignet.!<\/p>\n","protected":false},"featured_media":30646,"template":"","meta":{"_acf_changed":false},"product_brand":[],"product_cat":[799],"product_tag":[],"class_list":{"0":"post-30644","1":"product","2":"type-product","3":"status-publish","4":"has-post-thumbnail","6":"product_cat-v","7":"pa_packungsgroesse-50ml","9":"first","10":"instock","11":"shipping-taxable","12":"purchasable","13":"product-type-simple"},"acf":[],"_links":{"self":[{"href":"https:\/\/www.ernstbrunn-apotheke.at\/katalog\/wp-json\/wp\/v2\/product\/30644","targetHints":{"allow":["GET"]}}],"collection":[{"href":"https:\/\/www.ernstbrunn-apotheke.at\/katalog\/wp-json\/wp\/v2\/product"}],"about":[{"href":"https:\/\/www.ernstbrunn-apotheke.at\/katalog\/wp-json\/wp\/v2\/types\/product"}],"wp:featuredmedia":[{"embeddable":true,"href":"https:\/\/www.ernstbrunn-apotheke.at\/katalog\/wp-json\/wp\/v2\/media\/30646"}],"wp:attachment":[{"href":"https:\/\/www.ernstbrunn-apotheke.at\/katalog\/wp-json\/wp\/v2\/media?parent=30644"}],"wp:term":[{"taxonomy":"product_brand","embeddable":true,"href":"https:\/\/www.ernstbrunn-apotheke.at\/katalog\/wp-json\/wp\/v2\/product_brand?post=30644"},{"taxonomy":"product_cat","embeddable":true,"href":"https:\/\/www.ernstbrunn-apotheke.at\/katalog\/wp-json\/wp\/v2\/product_cat?post=30644"},{"taxonomy":"product_tag","embeddable":true,"href":"https:\/\/www.ernstbrunn-apotheke.at\/katalog\/wp-json\/wp\/v2\/product_tag?post=30644"}],"curies":[{"name":"wp","href":"https:\/\/api.w.org\/{rel}","templated":true}]}}