{"id":30531,"date":"2025-11-10T10:55:53","date_gmt":"2025-11-10T09:55:53","guid":{"rendered":"https:\/\/www.ernstbrunn-apotheke.at\/katalog\/produkt\/deumavan-salbe-intimpflege-lavendel-dose\/"},"modified":"2025-12-08T15:12:57","modified_gmt":"2025-12-08T14:12:57","slug":"deumavan-salbe-intimpflege-lavendel-dose","status":"publish","type":"product","link":"https:\/\/www.ernstbrunn-apotheke.at\/katalog\/produkt\/deumavan-salbe-intimpflege-lavendel-dose\/","title":{"rendered":"Deumavan Salbe Intimpflege Lavendel Dose"},"content":{"rendered":"<p>Deumavan Salbe Intimpflege Lavendel ist eine Intimpflegesalbe mit Vitamin E und einem Hauch an Lavendel f\u00fcr einen angenehmen Duft. Durch die Verwendung von Paraffinen anstatt herk\u00f6mmlicher \u00d6le ist eine bessere Hautvertr\u00e4glichkeit gegeben.<\/p>\n","protected":false},"excerpt":{"rendered":"<p>Deumavan Salbe Intimpflege Lavendel ist eine Intimpflegesalbe mit Vitamin E und einem Hauch an Lavendel f\u00fcr einen angenehmen Duft. Durch die Verwendung von Paraffinen anstatt herk\u00f6mmlicher \u00d6le ist eine bessere Hautvertr\u00e4glichkeit gegeben.<\/p>\n","protected":false},"featured_media":30533,"template":"","meta":{"_acf_changed":false},"product_brand":[826],"product_cat":[792],"product_tag":[],"class_list":{"0":"post-30531","1":"product","2":"type-product","3":"status-publish","4":"has-post-thumbnail","6":"product_brand-deumavan","7":"product_cat-d","8":"pa_farbe-farblos","9":"pa_geschmack-lavendel","10":"pa_packungsgroesse-100ml","12":"first","13":"instock","14":"shipping-taxable","15":"purchasable","16":"product-type-simple"},"acf":[],"_links":{"self":[{"href":"https:\/\/www.ernstbrunn-apotheke.at\/katalog\/wp-json\/wp\/v2\/product\/30531","targetHints":{"allow":["GET"]}}],"collection":[{"href":"https:\/\/www.ernstbrunn-apotheke.at\/katalog\/wp-json\/wp\/v2\/product"}],"about":[{"href":"https:\/\/www.ernstbrunn-apotheke.at\/katalog\/wp-json\/wp\/v2\/types\/product"}],"wp:featuredmedia":[{"embeddable":true,"href":"https:\/\/www.ernstbrunn-apotheke.at\/katalog\/wp-json\/wp\/v2\/media\/30533"}],"wp:attachment":[{"href":"https:\/\/www.ernstbrunn-apotheke.at\/katalog\/wp-json\/wp\/v2\/media?parent=30531"}],"wp:term":[{"taxonomy":"product_brand","embeddable":true,"href":"https:\/\/www.ernstbrunn-apotheke.at\/katalog\/wp-json\/wp\/v2\/product_brand?post=30531"},{"taxonomy":"product_cat","embeddable":true,"href":"https:\/\/www.ernstbrunn-apotheke.at\/katalog\/wp-json\/wp\/v2\/product_cat?post=30531"},{"taxonomy":"product_tag","embeddable":true,"href":"https:\/\/www.ernstbrunn-apotheke.at\/katalog\/wp-json\/wp\/v2\/product_tag?post=30531"}],"curies":[{"name":"wp","href":"https:\/\/api.w.org\/{rel}","templated":true}]}}