{"id":30259,"date":"2025-11-10T10:52:07","date_gmt":"2025-11-10T09:52:07","guid":{"rendered":"https:\/\/www.ernstbrunn-apotheke.at\/katalog\/produkt\/mosquito-lauswaschmittel-100-ml\/"},"modified":"2025-12-08T15:11:45","modified_gmt":"2025-12-08T14:11:45","slug":"mosquito-lauswaschmittel-100-ml","status":"publish","type":"product","link":"https:\/\/www.ernstbrunn-apotheke.at\/katalog\/produkt\/mosquito-lauswaschmittel-100-ml\/","title":{"rendered":"Mosquito Lauswaschmittel 100 ml"},"content":{"rendered":"<p>Mosquito Lauswaschmittel wird zum normalen Waschmittel hinzugegeben und kann bei jedem Waschprogramm angewendet werden.  Das Mittel kann bereits ab 30\u00b0C angewendet werden, damit auch die Buntw\u00e4sche weiter gut ausschaut. Befreit W\u00e4sche von L\u00e4usen.<\/p>\n","protected":false},"excerpt":{"rendered":"<p>Mosquito Lauswaschmittel wird zum normalen Waschmittel hinzugegeben und kann bei jedem Waschprogramm angewendet werden. Das Mittel kann bereits ab 30\u00b0C angewendet werden, damit auch die Buntw\u00e4sche weiter gut ausschaut. Befreit W\u00e4sche von L\u00e4usen.<\/p>\n","protected":false},"featured_media":0,"template":"","meta":{"_acf_changed":false},"product_brand":[],"product_cat":[800],"product_tag":[],"class_list":{"0":"post-30259","1":"product","2":"type-product","3":"status-publish","5":"product_cat-m","6":"pa_packungsgroesse-100ml","8":"first","9":"instock","10":"shipping-taxable","11":"purchasable","12":"product-type-simple"},"acf":[],"_links":{"self":[{"href":"https:\/\/www.ernstbrunn-apotheke.at\/katalog\/wp-json\/wp\/v2\/product\/30259","targetHints":{"allow":["GET"]}}],"collection":[{"href":"https:\/\/www.ernstbrunn-apotheke.at\/katalog\/wp-json\/wp\/v2\/product"}],"about":[{"href":"https:\/\/www.ernstbrunn-apotheke.at\/katalog\/wp-json\/wp\/v2\/types\/product"}],"wp:attachment":[{"href":"https:\/\/www.ernstbrunn-apotheke.at\/katalog\/wp-json\/wp\/v2\/media?parent=30259"}],"wp:term":[{"taxonomy":"product_brand","embeddable":true,"href":"https:\/\/www.ernstbrunn-apotheke.at\/katalog\/wp-json\/wp\/v2\/product_brand?post=30259"},{"taxonomy":"product_cat","embeddable":true,"href":"https:\/\/www.ernstbrunn-apotheke.at\/katalog\/wp-json\/wp\/v2\/product_cat?post=30259"},{"taxonomy":"product_tag","embeddable":true,"href":"https:\/\/www.ernstbrunn-apotheke.at\/katalog\/wp-json\/wp\/v2\/product_tag?post=30259"}],"curies":[{"name":"wp","href":"https:\/\/api.w.org\/{rel}","templated":true}]}}