{"id":30092,"date":"2025-11-10T10:48:59","date_gmt":"2025-11-10T09:48:59","guid":{"rendered":"https:\/\/www.ernstbrunn-apotheke.at\/katalog\/produkt\/rausch-weidenrinden-spezial-shampoo\/"},"modified":"2025-12-08T15:10:38","modified_gmt":"2025-12-08T14:10:38","slug":"rausch-weidenrinden-spezial-shampoo","status":"publish","type":"product","link":"https:\/\/www.ernstbrunn-apotheke.at\/katalog\/produkt\/rausch-weidenrinden-spezial-shampoo\/","title":{"rendered":"Rausch Weidenrinden Spezial-Shampoo"},"content":{"rendered":"<p>Das speziell pflegende Haarshampoo mildert Juckreiz und R\u00f6tungen und befreit nachhaltig Ihr Haar von Schuppen. Ideal als Kombination f\u00fcr die Rausch Haartinktur gegen Haarausfall sch\u00fctzt die Haarpflege mit Weidenrinde und Thymian pr\u00e4ventiv vor Kopflausbefall..<\/p>\n","protected":false},"excerpt":{"rendered":"<p>Das speziell pflegende Haarshampoo mildert Juckreiz und R\u00f6tungen und befreit nachhaltig Ihr Haar von Schuppen. Ideal als Kombination f\u00fcr die Rausch Haartinktur gegen Haarausfall sch\u00fctzt die Haarpflege mit Weidenrinde und Thymian pr\u00e4ventiv vor Kopflausbefall..<\/p>\n","protected":false},"featured_media":30094,"template":"","meta":{"_acf_changed":false},"product_brand":[648],"product_cat":[808],"product_tag":[],"class_list":{"0":"post-30092","1":"product","2":"type-product","3":"status-publish","4":"has-post-thumbnail","6":"product_brand-rausch","7":"product_cat-r","8":"pa_farbe-dunkelbraun","9":"pa_packungsgroesse-200ml","11":"first","12":"instock","13":"shipping-taxable","14":"purchasable","15":"product-type-simple"},"acf":[],"_links":{"self":[{"href":"https:\/\/www.ernstbrunn-apotheke.at\/katalog\/wp-json\/wp\/v2\/product\/30092","targetHints":{"allow":["GET"]}}],"collection":[{"href":"https:\/\/www.ernstbrunn-apotheke.at\/katalog\/wp-json\/wp\/v2\/product"}],"about":[{"href":"https:\/\/www.ernstbrunn-apotheke.at\/katalog\/wp-json\/wp\/v2\/types\/product"}],"wp:featuredmedia":[{"embeddable":true,"href":"https:\/\/www.ernstbrunn-apotheke.at\/katalog\/wp-json\/wp\/v2\/media\/30094"}],"wp:attachment":[{"href":"https:\/\/www.ernstbrunn-apotheke.at\/katalog\/wp-json\/wp\/v2\/media?parent=30092"}],"wp:term":[{"taxonomy":"product_brand","embeddable":true,"href":"https:\/\/www.ernstbrunn-apotheke.at\/katalog\/wp-json\/wp\/v2\/product_brand?post=30092"},{"taxonomy":"product_cat","embeddable":true,"href":"https:\/\/www.ernstbrunn-apotheke.at\/katalog\/wp-json\/wp\/v2\/product_cat?post=30092"},{"taxonomy":"product_tag","embeddable":true,"href":"https:\/\/www.ernstbrunn-apotheke.at\/katalog\/wp-json\/wp\/v2\/product_tag?post=30092"}],"curies":[{"name":"wp","href":"https:\/\/api.w.org\/{rel}","templated":true}]}}