{"id":30011,"date":"2025-11-10T10:47:37","date_gmt":"2025-11-10T09:47:37","guid":{"rendered":"https:\/\/www.ernstbrunn-apotheke.at\/katalog\/produkt\/weleda-regenerationsoel-10-ml-granatapfel\/"},"modified":"2025-12-08T15:10:07","modified_gmt":"2025-12-08T14:10:07","slug":"weleda-regenerationsoel-10-ml-granatapfel","status":"publish","type":"product","link":"https:\/\/www.ernstbrunn-apotheke.at\/katalog\/produkt\/weleda-regenerationsoel-10-ml-granatapfel\/","title":{"rendered":"Weleda Regenerations\u00f6l 10 ml Granatapfel"},"content":{"rendered":"<p>Das Granatapfel Regenerierende Pflege-\u00d6l ist ideal f\u00fcr t\u00e4gliche Pflege anspruchsvoller Haut: es f\u00f6rdert die Elastizit\u00e4t und Festigkeit, bewahrt die Feuchtigkeit und sch\u00fctzt sie vor sch\u00e4digen Umwelteinfl\u00fcssen.<\/p>\n","protected":false},"excerpt":{"rendered":"<p>Das Granatapfel Regenerierende Pflege-\u00d6l ist ideal f\u00fcr t\u00e4gliche Pflege anspruchsvoller Haut: es f\u00f6rdert die Elastizit\u00e4t und Festigkeit, bewahrt die Feuchtigkeit und sch\u00fctzt sie vor sch\u00e4digen Umwelteinfl\u00fcssen.<\/p>\n","protected":false},"featured_media":30013,"template":"","meta":{"_acf_changed":false},"product_brand":[567],"product_cat":[796],"product_tag":[],"class_list":{"0":"post-30011","1":"product","2":"type-product","3":"status-publish","4":"has-post-thumbnail","6":"product_brand-weleda","7":"product_cat-w","8":"pa_packungsgroesse-10ml","10":"first","11":"instock","12":"shipping-taxable","13":"purchasable","14":"product-type-simple"},"acf":[],"_links":{"self":[{"href":"https:\/\/www.ernstbrunn-apotheke.at\/katalog\/wp-json\/wp\/v2\/product\/30011","targetHints":{"allow":["GET"]}}],"collection":[{"href":"https:\/\/www.ernstbrunn-apotheke.at\/katalog\/wp-json\/wp\/v2\/product"}],"about":[{"href":"https:\/\/www.ernstbrunn-apotheke.at\/katalog\/wp-json\/wp\/v2\/types\/product"}],"wp:featuredmedia":[{"embeddable":true,"href":"https:\/\/www.ernstbrunn-apotheke.at\/katalog\/wp-json\/wp\/v2\/media\/30013"}],"wp:attachment":[{"href":"https:\/\/www.ernstbrunn-apotheke.at\/katalog\/wp-json\/wp\/v2\/media?parent=30011"}],"wp:term":[{"taxonomy":"product_brand","embeddable":true,"href":"https:\/\/www.ernstbrunn-apotheke.at\/katalog\/wp-json\/wp\/v2\/product_brand?post=30011"},{"taxonomy":"product_cat","embeddable":true,"href":"https:\/\/www.ernstbrunn-apotheke.at\/katalog\/wp-json\/wp\/v2\/product_cat?post=30011"},{"taxonomy":"product_tag","embeddable":true,"href":"https:\/\/www.ernstbrunn-apotheke.at\/katalog\/wp-json\/wp\/v2\/product_tag?post=30011"}],"curies":[{"name":"wp","href":"https:\/\/api.w.org\/{rel}","templated":true}]}}