{"id":29921,"date":"2025-11-10T10:46:02","date_gmt":"2025-11-10T09:46:02","guid":{"rendered":"https:\/\/www.ernstbrunn-apotheke.at\/katalog\/produkt\/himalaya-ursalz-badesalz-1-kg\/"},"modified":"2025-12-08T15:09:21","modified_gmt":"2025-12-08T14:09:21","slug":"himalaya-ursalz-badesalz-1-kg","status":"publish","type":"product","link":"https:\/\/www.ernstbrunn-apotheke.at\/katalog\/produkt\/himalaya-ursalz-badesalz-1-kg\/","title":{"rendered":"Himalaya Ursalz Badesalz 1 kg"},"content":{"rendered":"<p>Himalaya Ursalz Badesalz 1 kg wird bei diversen Erkrankungen der Haut (Neurodermitis, Akne, Hautallergien, Schuppenflechten), bei Rheuma-, Gelenkbeschwerden oder Gichtschmerzen empfohlen. Es st\u00e4rkt Ihr Immunsystem, indem es Ihre Durchblutung f\u00f6rdert und Ihren Kreislauf ankurbelt. Oder g\u00f6nnen Sie sich einfach ein wohltuendes, entspannendes Bad, um sich und ihren K\u00f6rper zu verw\u00f6hnen \u2013 Spitzenprodukte von Gall Pharma mit hohem Rabatt bestellen!<\/p>\n","protected":false},"excerpt":{"rendered":"<p>Himalaya Ursalz Badesalz 1 kg wird bei diversen Erkrankungen der Haut (Neurodermitis, Akne, Hautallergien, Schuppenflechten), bei Rheuma-, Gelenkbeschwerden oder Gichtschmerzen empfohlen. Es st\u00e4rkt Ihr Immunsystem, indem es Ihre Durchblutung f\u00f6rdert und Ihren Kreislauf ankurbelt. Oder g\u00f6nnen Sie sich einfach ein wohltuendes, entspannendes Bad, um sich und ihren K\u00f6rper zu verw\u00f6hnen \u2013 Spitzenprodukte von Gall Pharma [&hellip;]<\/p>\n","protected":false},"featured_media":29923,"template":"","meta":{"_acf_changed":false},"product_brand":[],"product_cat":[805],"product_tag":[],"class_list":{"0":"post-29921","1":"product","2":"type-product","3":"status-publish","4":"has-post-thumbnail","6":"product_cat-h","7":"pa_packungsgroesse-1kg","9":"first","10":"instock","11":"shipping-taxable","12":"purchasable","13":"product-type-simple"},"acf":[],"_links":{"self":[{"href":"https:\/\/www.ernstbrunn-apotheke.at\/katalog\/wp-json\/wp\/v2\/product\/29921","targetHints":{"allow":["GET"]}}],"collection":[{"href":"https:\/\/www.ernstbrunn-apotheke.at\/katalog\/wp-json\/wp\/v2\/product"}],"about":[{"href":"https:\/\/www.ernstbrunn-apotheke.at\/katalog\/wp-json\/wp\/v2\/types\/product"}],"wp:featuredmedia":[{"embeddable":true,"href":"https:\/\/www.ernstbrunn-apotheke.at\/katalog\/wp-json\/wp\/v2\/media\/29923"}],"wp:attachment":[{"href":"https:\/\/www.ernstbrunn-apotheke.at\/katalog\/wp-json\/wp\/v2\/media?parent=29921"}],"wp:term":[{"taxonomy":"product_brand","embeddable":true,"href":"https:\/\/www.ernstbrunn-apotheke.at\/katalog\/wp-json\/wp\/v2\/product_brand?post=29921"},{"taxonomy":"product_cat","embeddable":true,"href":"https:\/\/www.ernstbrunn-apotheke.at\/katalog\/wp-json\/wp\/v2\/product_cat?post=29921"},{"taxonomy":"product_tag","embeddable":true,"href":"https:\/\/www.ernstbrunn-apotheke.at\/katalog\/wp-json\/wp\/v2\/product_tag?post=29921"}],"curies":[{"name":"wp","href":"https:\/\/api.w.org\/{rel}","templated":true}]}}