{"id":29841,"date":"2025-11-10T10:44:40","date_gmt":"2025-11-10T09:44:40","guid":{"rendered":"https:\/\/www.ernstbrunn-apotheke.at\/katalog\/produkt\/guam-algenschlamm-kuehlend-500-g\/"},"modified":"2025-12-08T15:08:43","modified_gmt":"2025-12-08T14:08:43","slug":"guam-algenschlamm-kuehlend-500-g","status":"publish","type":"product","link":"https:\/\/www.ernstbrunn-apotheke.at\/katalog\/produkt\/guam-algenschlamm-kuehlend-500-g\/","title":{"rendered":"Guam Algenschlamm k\u00fchlend 500 g"},"content":{"rendered":"<p>Guam Algenschlamm k\u00fchlend wurde speziell f\u00fcr Frauen entwickelt, die den w\u00e4rmenden Algenschlamm auf Grund von Venenproblemen und Besenreisern nicht verwenden sollten. Guam Algenschlamm ist ein Naturprodukt ohne Farbstoffe mit der konzentrierten Wirkung der Meeresalgen.<\/p>\n","protected":false},"excerpt":{"rendered":"<p>Guam Algenschlamm k\u00fchlend wurde speziell f\u00fcr Frauen entwickelt, die den w\u00e4rmenden Algenschlamm auf Grund von Venenproblemen und Besenreisern nicht verwenden sollten. Guam Algenschlamm ist ein Naturprodukt ohne Farbstoffe mit der konzentrierten Wirkung der Meeresalgen.<\/p>\n","protected":false},"featured_media":29843,"template":"","meta":{"_acf_changed":false},"product_brand":[],"product_cat":[810],"product_tag":[],"class_list":{"0":"post-29841","1":"product","2":"type-product","3":"status-publish","4":"has-post-thumbnail","6":"product_cat-g","7":"pa_packungsgroesse-500g","9":"first","10":"instock","11":"shipping-taxable","12":"purchasable","13":"product-type-simple"},"acf":[],"_links":{"self":[{"href":"https:\/\/www.ernstbrunn-apotheke.at\/katalog\/wp-json\/wp\/v2\/product\/29841","targetHints":{"allow":["GET"]}}],"collection":[{"href":"https:\/\/www.ernstbrunn-apotheke.at\/katalog\/wp-json\/wp\/v2\/product"}],"about":[{"href":"https:\/\/www.ernstbrunn-apotheke.at\/katalog\/wp-json\/wp\/v2\/types\/product"}],"wp:featuredmedia":[{"embeddable":true,"href":"https:\/\/www.ernstbrunn-apotheke.at\/katalog\/wp-json\/wp\/v2\/media\/29843"}],"wp:attachment":[{"href":"https:\/\/www.ernstbrunn-apotheke.at\/katalog\/wp-json\/wp\/v2\/media?parent=29841"}],"wp:term":[{"taxonomy":"product_brand","embeddable":true,"href":"https:\/\/www.ernstbrunn-apotheke.at\/katalog\/wp-json\/wp\/v2\/product_brand?post=29841"},{"taxonomy":"product_cat","embeddable":true,"href":"https:\/\/www.ernstbrunn-apotheke.at\/katalog\/wp-json\/wp\/v2\/product_cat?post=29841"},{"taxonomy":"product_tag","embeddable":true,"href":"https:\/\/www.ernstbrunn-apotheke.at\/katalog\/wp-json\/wp\/v2\/product_tag?post=29841"}],"curies":[{"name":"wp","href":"https:\/\/api.w.org\/{rel}","templated":true}]}}