{"id":29667,"date":"2025-11-10T10:42:20","date_gmt":"2025-11-10T09:42:20","guid":{"rendered":"https:\/\/www.ernstbrunn-apotheke.at\/katalog\/produkt\/allergika-lipolotion-urea-5-500-ml\/"},"modified":"2025-12-08T15:07:39","modified_gmt":"2025-12-08T14:07:39","slug":"allergika-lipolotion-urea-5-500-ml","status":"publish","type":"product","link":"https:\/\/www.ernstbrunn-apotheke.at\/katalog\/produkt\/allergika-lipolotion-urea-5-500-ml\/","title":{"rendered":"Allergika Lipolotion Urea 5% 500 ml"},"content":{"rendered":"<p>Allergika Lipolotion Urea 5% spendet aufgrund seiner au\u00dfergew\u00f6hnlichen Eigenschaften intensiv Feuchtigkeit, beugt Juckreiz und Spannungsgef\u00fchlen vor. Die Hautbarriere wird gest\u00e4rkt. Speziell ausgew\u00e4hlte Lipide bilden einen angenehmen Schutzfilm auf der Haut, der eine Austrocknung der Haut verhindert. Morgens und abends angewendet, sch\u00fctzt und pflegt die Lotion Ihre Haut den ganzen Tag, 365 Tage im Jahr.<\/p>\n","protected":false},"excerpt":{"rendered":"<p>Allergika Lipolotion Urea 5% spendet aufgrund seiner au\u00dfergew\u00f6hnlichen Eigenschaften intensiv Feuchtigkeit, beugt Juckreiz und Spannungsgef\u00fchlen vor. Die Hautbarriere wird gest\u00e4rkt. Speziell ausgew\u00e4hlte Lipide bilden einen angenehmen Schutzfilm auf der Haut, der eine Austrocknung der Haut verhindert. Morgens und abends angewendet, sch\u00fctzt und pflegt die Lotion Ihre Haut den ganzen Tag, 365 Tage im Jahr.<\/p>\n","protected":false},"featured_media":0,"template":"","meta":{"_acf_changed":false},"product_brand":[396],"product_cat":[801],"product_tag":[],"class_list":{"0":"post-29667","1":"product","2":"type-product","3":"status-publish","5":"product_brand-allergika","6":"product_cat-a","7":"pa_packungsgroesse-500ml","9":"first","10":"instock","11":"shipping-taxable","12":"purchasable","13":"product-type-simple"},"acf":[],"_links":{"self":[{"href":"https:\/\/www.ernstbrunn-apotheke.at\/katalog\/wp-json\/wp\/v2\/product\/29667","targetHints":{"allow":["GET"]}}],"collection":[{"href":"https:\/\/www.ernstbrunn-apotheke.at\/katalog\/wp-json\/wp\/v2\/product"}],"about":[{"href":"https:\/\/www.ernstbrunn-apotheke.at\/katalog\/wp-json\/wp\/v2\/types\/product"}],"wp:attachment":[{"href":"https:\/\/www.ernstbrunn-apotheke.at\/katalog\/wp-json\/wp\/v2\/media?parent=29667"}],"wp:term":[{"taxonomy":"product_brand","embeddable":true,"href":"https:\/\/www.ernstbrunn-apotheke.at\/katalog\/wp-json\/wp\/v2\/product_brand?post=29667"},{"taxonomy":"product_cat","embeddable":true,"href":"https:\/\/www.ernstbrunn-apotheke.at\/katalog\/wp-json\/wp\/v2\/product_cat?post=29667"},{"taxonomy":"product_tag","embeddable":true,"href":"https:\/\/www.ernstbrunn-apotheke.at\/katalog\/wp-json\/wp\/v2\/product_tag?post=29667"}],"curies":[{"name":"wp","href":"https:\/\/api.w.org\/{rel}","templated":true}]}}