{"id":29585,"date":"2025-11-10T10:40:25","date_gmt":"2025-11-10T09:40:25","guid":{"rendered":"https:\/\/www.ernstbrunn-apotheke.at\/katalog\/produkt\/enzborn-melkfett-plus-lf-4-250-ml\/"},"modified":"2025-12-08T15:07:19","modified_gmt":"2025-12-08T14:07:19","slug":"enzborn-melkfett-plus-lf-4-250-ml","status":"publish","type":"product","link":"https:\/\/www.ernstbrunn-apotheke.at\/katalog\/produkt\/enzborn-melkfett-plus-lf-4-250-ml\/","title":{"rendered":"Enzborn Melkfett Plus Lf 4 250 ml"},"content":{"rendered":"<p>Enzborn Melkfett Plus Lf 4 ist die einzigartige Kombination aus Melkfett erg\u00e4nzt um die Wirkstoffe Hamamelis, Aloe Vera und Bergamott\u00f6l. Es macht besonders spr\u00f6de Haut geschmeidig und wirkt zudem hautsch\u00fctzend und k\u00fchlend. Dieses Produkt erhalten Sie in den Packungsgr\u00f6\u00dfen 50 ml und 250 ml.<\/p>\n","protected":false},"excerpt":{"rendered":"<p>Enzborn Melkfett Plus Lf 4 ist die einzigartige Kombination aus Melkfett erg\u00e4nzt um die Wirkstoffe Hamamelis, Aloe Vera und Bergamott\u00f6l. Es macht besonders spr\u00f6de Haut geschmeidig und wirkt zudem hautsch\u00fctzend und k\u00fchlend. Dieses Produkt erhalten Sie in den Packungsgr\u00f6\u00dfen 50 ml und 250 ml.<\/p>\n","protected":false},"featured_media":29587,"template":"","meta":{"_acf_changed":false},"product_brand":[651],"product_cat":[794],"product_tag":[],"class_list":{"0":"post-29585","1":"product","2":"type-product","3":"status-publish","4":"has-post-thumbnail","6":"product_brand-enzborn","7":"product_cat-e","8":"pa_packungsgroesse-250ml","10":"first","11":"instock","12":"shipping-taxable","13":"purchasable","14":"product-type-simple"},"acf":[],"_links":{"self":[{"href":"https:\/\/www.ernstbrunn-apotheke.at\/katalog\/wp-json\/wp\/v2\/product\/29585","targetHints":{"allow":["GET"]}}],"collection":[{"href":"https:\/\/www.ernstbrunn-apotheke.at\/katalog\/wp-json\/wp\/v2\/product"}],"about":[{"href":"https:\/\/www.ernstbrunn-apotheke.at\/katalog\/wp-json\/wp\/v2\/types\/product"}],"wp:featuredmedia":[{"embeddable":true,"href":"https:\/\/www.ernstbrunn-apotheke.at\/katalog\/wp-json\/wp\/v2\/media\/29587"}],"wp:attachment":[{"href":"https:\/\/www.ernstbrunn-apotheke.at\/katalog\/wp-json\/wp\/v2\/media?parent=29585"}],"wp:term":[{"taxonomy":"product_brand","embeddable":true,"href":"https:\/\/www.ernstbrunn-apotheke.at\/katalog\/wp-json\/wp\/v2\/product_brand?post=29585"},{"taxonomy":"product_cat","embeddable":true,"href":"https:\/\/www.ernstbrunn-apotheke.at\/katalog\/wp-json\/wp\/v2\/product_cat?post=29585"},{"taxonomy":"product_tag","embeddable":true,"href":"https:\/\/www.ernstbrunn-apotheke.at\/katalog\/wp-json\/wp\/v2\/product_tag?post=29585"}],"curies":[{"name":"wp","href":"https:\/\/api.w.org\/{rel}","templated":true}]}}