{"id":29287,"date":"2025-11-10T10:35:59","date_gmt":"2025-11-10T09:35:59","guid":{"rendered":"https:\/\/www.ernstbrunn-apotheke.at\/katalog\/produkt\/speick-natural-duschgel-sensitiv-250-ml\/"},"modified":"2025-12-08T15:05:43","modified_gmt":"2025-12-08T14:05:43","slug":"speick-natural-duschgel-sensitiv-250-ml","status":"publish","type":"product","link":"https:\/\/www.ernstbrunn-apotheke.at\/katalog\/produkt\/speick-natural-duschgel-sensitiv-250-ml\/","title":{"rendered":"Speick Natural Duschgel sensitiv 250 ml"},"content":{"rendered":"<p>Sanfte, extra hautmilde Reinigung f\u00fcr Haut und Haare mit dem Original Speick-Duft. N\u00e4hrende, beruhigende und feuchtigkeitsspendende Pflege mit Bio-Salbei. Jedes Speick-Produkt enth\u00e4lt den einzigartigen Extrakt der hochalpinen Speick-Pflanze aus kontrolliert biologischer Wildsammlung (kbW).Aus nachwachsenden Rohstoffen. Flasche zu 93% aus BIO PE, Verschlusskappe aus PP. BIO PE ist ein Kunststoff aus nachhaltig angebautem Zuckerrohr und verursacht im Vergleich zu &#8222;normalem&#8220; PE weniger CO2 bei der Herstellung. F\u00fcr optimales Recycling Flasche und Verschluss trennen und im Recyclingabfall entsorgen.Ohne Silikone, Parabene und Mineral\u00f6le. Gluten- und laktosefrei. Dermatologisch allergologisch getestet..<\/p>\n","protected":false},"excerpt":{"rendered":"<p>Sanfte, extra hautmilde Reinigung f\u00fcr Haut und Haare mit dem Original Speick-Duft. N\u00e4hrende, beruhigende und feuchtigkeitsspendende Pflege mit Bio-Salbei. Jedes Speick-Produkt enth\u00e4lt den einzigartigen Extrakt der hochalpinen Speick-Pflanze aus kontrolliert biologischer Wildsammlung (kbW).Aus nachwachsenden Rohstoffen. Flasche zu 93% aus BIO PE, Verschlusskappe aus PP. BIO PE ist ein Kunststoff aus nachhaltig angebautem Zuckerrohr und verursacht [&hellip;]<\/p>\n","protected":false},"featured_media":29289,"template":"","meta":{"_acf_changed":false},"product_brand":[],"product_cat":[791],"product_tag":[],"class_list":{"0":"post-29287","1":"product","2":"type-product","3":"status-publish","4":"has-post-thumbnail","6":"product_cat-s","7":"pa_packungsgroesse-250ml","9":"first","10":"instock","11":"shipping-taxable","12":"purchasable","13":"product-type-simple"},"acf":[],"_links":{"self":[{"href":"https:\/\/www.ernstbrunn-apotheke.at\/katalog\/wp-json\/wp\/v2\/product\/29287","targetHints":{"allow":["GET"]}}],"collection":[{"href":"https:\/\/www.ernstbrunn-apotheke.at\/katalog\/wp-json\/wp\/v2\/product"}],"about":[{"href":"https:\/\/www.ernstbrunn-apotheke.at\/katalog\/wp-json\/wp\/v2\/types\/product"}],"wp:featuredmedia":[{"embeddable":true,"href":"https:\/\/www.ernstbrunn-apotheke.at\/katalog\/wp-json\/wp\/v2\/media\/29289"}],"wp:attachment":[{"href":"https:\/\/www.ernstbrunn-apotheke.at\/katalog\/wp-json\/wp\/v2\/media?parent=29287"}],"wp:term":[{"taxonomy":"product_brand","embeddable":true,"href":"https:\/\/www.ernstbrunn-apotheke.at\/katalog\/wp-json\/wp\/v2\/product_brand?post=29287"},{"taxonomy":"product_cat","embeddable":true,"href":"https:\/\/www.ernstbrunn-apotheke.at\/katalog\/wp-json\/wp\/v2\/product_cat?post=29287"},{"taxonomy":"product_tag","embeddable":true,"href":"https:\/\/www.ernstbrunn-apotheke.at\/katalog\/wp-json\/wp\/v2\/product_tag?post=29287"}],"curies":[{"name":"wp","href":"https:\/\/api.w.org\/{rel}","templated":true}]}}