{"id":29084,"date":"2025-11-08T00:13:49","date_gmt":"2025-11-07T23:13:49","guid":{"rendered":"https:\/\/www.ernstbrunn-apotheke.at\/katalog\/produkt\/dr-hauschka-bademilch-moor-lavendel-beruhigend\/"},"modified":"2025-12-08T15:04:42","modified_gmt":"2025-12-08T14:04:42","slug":"dr-hauschka-bademilch-moor-lavendel-beruhigend","status":"publish","type":"product","link":"https:\/\/www.ernstbrunn-apotheke.at\/katalog\/produkt\/dr-hauschka-bademilch-moor-lavendel-beruhigend\/","title":{"rendered":"Dr. Hauschka BADEMILCH Moor Lavendel beruhigend"},"content":{"rendered":"<p>Dr. Hauschka Bad ist eine ausgew\u00e4hlte Komposition \u00e4therischer \u00d6le, welche den K\u00f6rper mild pflegt. B\u00e4der der Marke Hauschka regenerieren beanspruchte Haut. Regelm\u00e4\u00dfig angewendet, machen sie die Haut wieder zart und weich.<\/p>\n","protected":false},"excerpt":{"rendered":"<p>Dr. Hauschka Bad ist eine ausgew\u00e4hlte Komposition \u00e4therischer \u00d6le, welche den K\u00f6rper mild pflegt. B\u00e4der der Marke Hauschka regenerieren beanspruchte Haut. Regelm\u00e4\u00dfig angewendet, machen sie die Haut wieder zart und weich.<\/p>\n","protected":false},"featured_media":29086,"template":"","meta":{"_acf_changed":false},"product_brand":[679],"product_cat":[792],"product_tag":[],"class_list":{"0":"post-29084","1":"product","2":"type-product","3":"status-publish","4":"has-post-thumbnail","6":"product_brand-dr-hauschka","7":"product_cat-d","8":"pa_packungsgroesse-100ml","10":"first","11":"instock","12":"shipping-taxable","13":"purchasable","14":"product-type-simple"},"acf":[],"_links":{"self":[{"href":"https:\/\/www.ernstbrunn-apotheke.at\/katalog\/wp-json\/wp\/v2\/product\/29084","targetHints":{"allow":["GET"]}}],"collection":[{"href":"https:\/\/www.ernstbrunn-apotheke.at\/katalog\/wp-json\/wp\/v2\/product"}],"about":[{"href":"https:\/\/www.ernstbrunn-apotheke.at\/katalog\/wp-json\/wp\/v2\/types\/product"}],"wp:featuredmedia":[{"embeddable":true,"href":"https:\/\/www.ernstbrunn-apotheke.at\/katalog\/wp-json\/wp\/v2\/media\/29086"}],"wp:attachment":[{"href":"https:\/\/www.ernstbrunn-apotheke.at\/katalog\/wp-json\/wp\/v2\/media?parent=29084"}],"wp:term":[{"taxonomy":"product_brand","embeddable":true,"href":"https:\/\/www.ernstbrunn-apotheke.at\/katalog\/wp-json\/wp\/v2\/product_brand?post=29084"},{"taxonomy":"product_cat","embeddable":true,"href":"https:\/\/www.ernstbrunn-apotheke.at\/katalog\/wp-json\/wp\/v2\/product_cat?post=29084"},{"taxonomy":"product_tag","embeddable":true,"href":"https:\/\/www.ernstbrunn-apotheke.at\/katalog\/wp-json\/wp\/v2\/product_tag?post=29084"}],"curies":[{"name":"wp","href":"https:\/\/api.w.org\/{rel}","templated":true}]}}