{"id":28909,"date":"2025-11-08T00:11:10","date_gmt":"2025-11-07T23:11:10","guid":{"rendered":"https:\/\/www.ernstbrunn-apotheke.at\/katalog\/produkt\/medipharma-cosmetics-olivenoel-haut-in-balance-koerpercreme-500-ml\/"},"modified":"2025-12-08T15:03:55","modified_gmt":"2025-12-08T14:03:55","slug":"medipharma-cosmetics-olivenoel-haut-in-balance-koerpercreme-500-ml","status":"publish","type":"product","link":"https:\/\/www.ernstbrunn-apotheke.at\/katalog\/produkt\/medipharma-cosmetics-olivenoel-haut-in-balance-koerpercreme-500-ml\/","title":{"rendered":"Medipharma Cosmetics Oliven\u00f6l Haut in Balance K\u00f6rpercreme 500 ml"},"content":{"rendered":"<p>Medipharma Cosmetics Oliven\u00f6l Haut in Balance K\u00f6rpercreme ist eine einzigartige Wirkstoffkombination aus Oliven\u00f6l und Urea, welche trockene, schuppige Haut intensiv mit Feuchtigkeit versorgt. Panthenol und Olivenblattextrakt pflegen nachhaltig. Die \u00d6l-in-Wasser K\u00f6rpercreme entspannt die gereizte Haut.<\/p>\n","protected":false},"excerpt":{"rendered":"<p>Medipharma Cosmetics Oliven\u00f6l Haut in Balance K\u00f6rpercreme ist eine einzigartige Wirkstoffkombination aus Oliven\u00f6l und Urea, welche trockene, schuppige Haut intensiv mit Feuchtigkeit versorgt. Panthenol und Olivenblattextrakt pflegen nachhaltig. Die \u00d6l-in-Wasser K\u00f6rpercreme entspannt die gereizte Haut.<\/p>\n","protected":false},"featured_media":28911,"template":"","meta":{"_acf_changed":false},"product_brand":[685],"product_cat":[800],"product_tag":[],"class_list":{"0":"post-28909","1":"product","2":"type-product","3":"status-publish","4":"has-post-thumbnail","6":"product_brand-olivenoel-theiss","7":"product_cat-m","8":"pa_packungsgroesse-500ml","10":"first","11":"instock","12":"shipping-taxable","13":"purchasable","14":"product-type-simple"},"acf":[],"_links":{"self":[{"href":"https:\/\/www.ernstbrunn-apotheke.at\/katalog\/wp-json\/wp\/v2\/product\/28909","targetHints":{"allow":["GET"]}}],"collection":[{"href":"https:\/\/www.ernstbrunn-apotheke.at\/katalog\/wp-json\/wp\/v2\/product"}],"about":[{"href":"https:\/\/www.ernstbrunn-apotheke.at\/katalog\/wp-json\/wp\/v2\/types\/product"}],"wp:featuredmedia":[{"embeddable":true,"href":"https:\/\/www.ernstbrunn-apotheke.at\/katalog\/wp-json\/wp\/v2\/media\/28911"}],"wp:attachment":[{"href":"https:\/\/www.ernstbrunn-apotheke.at\/katalog\/wp-json\/wp\/v2\/media?parent=28909"}],"wp:term":[{"taxonomy":"product_brand","embeddable":true,"href":"https:\/\/www.ernstbrunn-apotheke.at\/katalog\/wp-json\/wp\/v2\/product_brand?post=28909"},{"taxonomy":"product_cat","embeddable":true,"href":"https:\/\/www.ernstbrunn-apotheke.at\/katalog\/wp-json\/wp\/v2\/product_cat?post=28909"},{"taxonomy":"product_tag","embeddable":true,"href":"https:\/\/www.ernstbrunn-apotheke.at\/katalog\/wp-json\/wp\/v2\/product_tag?post=28909"}],"curies":[{"name":"wp","href":"https:\/\/api.w.org\/{rel}","templated":true}]}}