{"id":28808,"date":"2025-11-08T00:09:12","date_gmt":"2025-11-07T23:09:12","guid":{"rendered":"https:\/\/www.ernstbrunn-apotheke.at\/katalog\/produkt\/olivenoel-schoenheitsdusche-200-ml\/"},"modified":"2025-12-08T15:03:22","modified_gmt":"2025-12-08T14:03:22","slug":"olivenoel-schoenheitsdusche-200-ml","status":"publish","type":"product","link":"https:\/\/www.ernstbrunn-apotheke.at\/katalog\/produkt\/olivenoel-schoenheitsdusche-200-ml\/","title":{"rendered":"Oliven\u00f6l Sch\u00f6nheitsdusche 200 ml"},"content":{"rendered":"<p>Oliven\u00f6l Sch\u00f6nheitsdusche mit wertvollen Goldperlen verleiht ein unvergleichliches Pflegeerlebnis. Die Goldperlen enthalten 7 exklusive Pflege\u00f6le: Oliven\u00f6l, Argan\u00f6l, Traubenkern\u00f6l, Mandel\u00f6l, Aprikosenkern\u00f6l, Wildrosen\u00f6l und Avocado\u00f6l. Das Produkt pflegt und erfrischt Tag f\u00fcr Tag.<\/p>\n","protected":false},"excerpt":{"rendered":"<p>Oliven\u00f6l Sch\u00f6nheitsdusche mit wertvollen Goldperlen verleiht ein unvergleichliches Pflegeerlebnis. Die Goldperlen enthalten 7 exklusive Pflege\u00f6le: Oliven\u00f6l, Argan\u00f6l, Traubenkern\u00f6l, Mandel\u00f6l, Aprikosenkern\u00f6l, Wildrosen\u00f6l und Avocado\u00f6l. Das Produkt pflegt und erfrischt Tag f\u00fcr Tag.<\/p>\n","protected":false},"featured_media":28810,"template":"","meta":{"_acf_changed":false},"product_brand":[685],"product_cat":[819],"product_tag":[],"class_list":{"0":"post-28808","1":"product","2":"type-product","3":"status-publish","4":"has-post-thumbnail","6":"product_brand-olivenoel-theiss","7":"product_cat-o","8":"pa_packungsgroesse-200ml","10":"first","11":"instock","12":"shipping-taxable","13":"purchasable","14":"product-type-simple"},"acf":[],"_links":{"self":[{"href":"https:\/\/www.ernstbrunn-apotheke.at\/katalog\/wp-json\/wp\/v2\/product\/28808","targetHints":{"allow":["GET"]}}],"collection":[{"href":"https:\/\/www.ernstbrunn-apotheke.at\/katalog\/wp-json\/wp\/v2\/product"}],"about":[{"href":"https:\/\/www.ernstbrunn-apotheke.at\/katalog\/wp-json\/wp\/v2\/types\/product"}],"wp:featuredmedia":[{"embeddable":true,"href":"https:\/\/www.ernstbrunn-apotheke.at\/katalog\/wp-json\/wp\/v2\/media\/28810"}],"wp:attachment":[{"href":"https:\/\/www.ernstbrunn-apotheke.at\/katalog\/wp-json\/wp\/v2\/media?parent=28808"}],"wp:term":[{"taxonomy":"product_brand","embeddable":true,"href":"https:\/\/www.ernstbrunn-apotheke.at\/katalog\/wp-json\/wp\/v2\/product_brand?post=28808"},{"taxonomy":"product_cat","embeddable":true,"href":"https:\/\/www.ernstbrunn-apotheke.at\/katalog\/wp-json\/wp\/v2\/product_cat?post=28808"},{"taxonomy":"product_tag","embeddable":true,"href":"https:\/\/www.ernstbrunn-apotheke.at\/katalog\/wp-json\/wp\/v2\/product_tag?post=28808"}],"curies":[{"name":"wp","href":"https:\/\/api.w.org\/{rel}","templated":true}]}}