{"id":28762,"date":"2025-11-08T00:08:31","date_gmt":"2025-11-07T23:08:31","guid":{"rendered":"https:\/\/www.ernstbrunn-apotheke.at\/katalog\/produkt\/sulfoderm-m-duschlotion-200-ml\/"},"modified":"2025-12-08T15:03:05","modified_gmt":"2025-12-08T14:03:05","slug":"sulfoderm-m-duschlotion-200-ml","status":"publish","type":"product","link":"https:\/\/www.ernstbrunn-apotheke.at\/katalog\/produkt\/sulfoderm-m-duschlotion-200-ml\/","title":{"rendered":"Sulfoderm M Duschlotion 200 ml"},"content":{"rendered":"<p>Sulfoderm M Duschlotion aus naturbelassener Fl\u00fcssigmolke regeneriert und stabilisiert den S\u00e4ureschutzmantel der Haut. Zudem wirkt die Milchs\u00e4ure als F\u00e4nger freier Radikaler, beschleunigt die Zellerneuerung und das Kollagenwachstum im Bindegewebe. Aufgrund des niedrigen PH-Wertes ist dee Duschlotion auch f\u00fcr die sensible Haut im Intimbereich geeignet.<\/p>\n","protected":false},"excerpt":{"rendered":"<p>Sulfoderm M Duschlotion aus naturbelassener Fl\u00fcssigmolke regeneriert und stabilisiert den S\u00e4ureschutzmantel der Haut. Zudem wirkt die Milchs\u00e4ure als F\u00e4nger freier Radikaler, beschleunigt die Zellerneuerung und das Kollagenwachstum im Bindegewebe. Aufgrund des niedrigen PH-Wertes ist dee Duschlotion auch f\u00fcr die sensible Haut im Intimbereich geeignet.<\/p>\n","protected":false},"featured_media":28764,"template":"","meta":{"_acf_changed":false},"product_brand":[],"product_cat":[791],"product_tag":[],"class_list":{"0":"post-28762","1":"product","2":"type-product","3":"status-publish","4":"has-post-thumbnail","6":"product_cat-s","7":"pa_packungsgroesse-200ml","9":"first","10":"instock","11":"shipping-taxable","12":"purchasable","13":"product-type-simple"},"acf":[],"_links":{"self":[{"href":"https:\/\/www.ernstbrunn-apotheke.at\/katalog\/wp-json\/wp\/v2\/product\/28762","targetHints":{"allow":["GET"]}}],"collection":[{"href":"https:\/\/www.ernstbrunn-apotheke.at\/katalog\/wp-json\/wp\/v2\/product"}],"about":[{"href":"https:\/\/www.ernstbrunn-apotheke.at\/katalog\/wp-json\/wp\/v2\/types\/product"}],"wp:featuredmedia":[{"embeddable":true,"href":"https:\/\/www.ernstbrunn-apotheke.at\/katalog\/wp-json\/wp\/v2\/media\/28764"}],"wp:attachment":[{"href":"https:\/\/www.ernstbrunn-apotheke.at\/katalog\/wp-json\/wp\/v2\/media?parent=28762"}],"wp:term":[{"taxonomy":"product_brand","embeddable":true,"href":"https:\/\/www.ernstbrunn-apotheke.at\/katalog\/wp-json\/wp\/v2\/product_brand?post=28762"},{"taxonomy":"product_cat","embeddable":true,"href":"https:\/\/www.ernstbrunn-apotheke.at\/katalog\/wp-json\/wp\/v2\/product_cat?post=28762"},{"taxonomy":"product_tag","embeddable":true,"href":"https:\/\/www.ernstbrunn-apotheke.at\/katalog\/wp-json\/wp\/v2\/product_tag?post=28762"}],"curies":[{"name":"wp","href":"https:\/\/api.w.org\/{rel}","templated":true}]}}