{"id":28459,"date":"2025-11-08T00:03:38","date_gmt":"2025-11-07T23:03:38","guid":{"rendered":"https:\/\/www.ernstbrunn-apotheke.at\/katalog\/produkt\/plantawell-koerpercreme-500-ml-olive\/"},"modified":"2025-12-08T15:01:41","modified_gmt":"2025-12-08T14:01:41","slug":"plantawell-koerpercreme-500-ml-olive","status":"publish","type":"product","link":"https:\/\/www.ernstbrunn-apotheke.at\/katalog\/produkt\/plantawell-koerpercreme-500-ml-olive\/","title":{"rendered":"Plantawell K\u00f6rpercreme 500 ml Olive"},"content":{"rendered":"<p>Plantawell K\u00f6rpercreme versorgt die Haut mit wichtigen N\u00e4hrstoffen, um sie lange gesund zu halten. Die Creme wird unter hohen Qualit\u00e4tsstandards hergestellt. Verw\u00f6hnen Sie  Ihre  Haut  mit  den  wertvollen Vitalstoffen aus den Bl\u00e4ttern des Olivenbaumes. G\u00f6nnen Sie Ihrer Haut  die vitalstoffreiche Pflege  mit  Plantawell\u00ae. Tag  f\u00fcr  Tag.  Feuchtig- keitsspendende Inhaltsstoffe, Vitamin E und  Q10  sch\u00fctzen die Haut   vor  dem   Austrocknen,  pflegen  sie  samtig  weich   und beugen so vorzeitiger Hautalterung vor..<\/p>\n","protected":false},"excerpt":{"rendered":"<p>Plantawell K\u00f6rpercreme versorgt die Haut mit wichtigen N\u00e4hrstoffen, um sie lange gesund zu halten. Die Creme wird unter hohen Qualit\u00e4tsstandards hergestellt. Verw\u00f6hnen Sie Ihre Haut mit den wertvollen Vitalstoffen aus den Bl\u00e4ttern des Olivenbaumes. G\u00f6nnen Sie Ihrer Haut die vitalstoffreiche Pflege mit Plantawell\u00ae. Tag f\u00fcr Tag. Feuchtig- keitsspendende Inhaltsstoffe, Vitamin E und Q10 sch\u00fctzen die [&hellip;]<\/p>\n","protected":false},"featured_media":28461,"template":"","meta":{"_acf_changed":false},"product_brand":[],"product_cat":[793],"product_tag":[],"class_list":{"0":"post-28459","1":"product","2":"type-product","3":"status-publish","4":"has-post-thumbnail","6":"product_cat-p","7":"pa_packungsgroesse-500ml","9":"first","10":"instock","11":"shipping-taxable","12":"purchasable","13":"product-type-simple"},"acf":[],"_links":{"self":[{"href":"https:\/\/www.ernstbrunn-apotheke.at\/katalog\/wp-json\/wp\/v2\/product\/28459","targetHints":{"allow":["GET"]}}],"collection":[{"href":"https:\/\/www.ernstbrunn-apotheke.at\/katalog\/wp-json\/wp\/v2\/product"}],"about":[{"href":"https:\/\/www.ernstbrunn-apotheke.at\/katalog\/wp-json\/wp\/v2\/types\/product"}],"wp:featuredmedia":[{"embeddable":true,"href":"https:\/\/www.ernstbrunn-apotheke.at\/katalog\/wp-json\/wp\/v2\/media\/28461"}],"wp:attachment":[{"href":"https:\/\/www.ernstbrunn-apotheke.at\/katalog\/wp-json\/wp\/v2\/media?parent=28459"}],"wp:term":[{"taxonomy":"product_brand","embeddable":true,"href":"https:\/\/www.ernstbrunn-apotheke.at\/katalog\/wp-json\/wp\/v2\/product_brand?post=28459"},{"taxonomy":"product_cat","embeddable":true,"href":"https:\/\/www.ernstbrunn-apotheke.at\/katalog\/wp-json\/wp\/v2\/product_cat?post=28459"},{"taxonomy":"product_tag","embeddable":true,"href":"https:\/\/www.ernstbrunn-apotheke.at\/katalog\/wp-json\/wp\/v2\/product_tag?post=28459"}],"curies":[{"name":"wp","href":"https:\/\/api.w.org\/{rel}","templated":true}]}}