{"id":28290,"date":"2025-11-07T23:59:38","date_gmt":"2025-11-07T22:59:38","guid":{"rendered":"https:\/\/www.ernstbrunn-apotheke.at\/katalog\/produkt\/aquatadeus-heilwasser-spray-250-ml\/"},"modified":"2025-12-08T15:00:59","modified_gmt":"2025-12-08T14:00:59","slug":"aquatadeus-heilwasser-spray-250-ml","status":"publish","type":"product","link":"https:\/\/www.ernstbrunn-apotheke.at\/katalog\/produkt\/aquatadeus-heilwasser-spray-250-ml\/","title":{"rendered":"Aquatadeus Heilwasser Spray 250 ml"},"content":{"rendered":"<p>Nat\u00fcrliche Heilkraft bei entz\u00fcndlichen und infekti\u00f6sen Hauterkrankungen. Das Heilwasser ist reizlindernd und entz\u00fcndungshemmend und erh\u00f6ht den Feuchtigkeitsgehalt der Haut. Zudem lindert es Juckreiz, reduziert R\u00f6tungen und k\u00fchlt angenehm.<\/p>\n","protected":false},"excerpt":{"rendered":"<p>Nat\u00fcrliche Heilkraft bei entz\u00fcndlichen und infekti\u00f6sen Hauterkrankungen. Das Heilwasser ist reizlindernd und entz\u00fcndungshemmend und erh\u00f6ht den Feuchtigkeitsgehalt der Haut. Zudem lindert es Juckreiz, reduziert R\u00f6tungen und k\u00fchlt angenehm.<\/p>\n","protected":false},"featured_media":28292,"template":"","meta":{"_acf_changed":false},"product_brand":[],"product_cat":[801],"product_tag":[],"class_list":{"0":"post-28290","1":"product","2":"type-product","3":"status-publish","4":"has-post-thumbnail","6":"product_cat-a","7":"pa_packungsgroesse-250ml","9":"first","10":"instock","11":"shipping-taxable","12":"purchasable","13":"product-type-simple"},"acf":[],"_links":{"self":[{"href":"https:\/\/www.ernstbrunn-apotheke.at\/katalog\/wp-json\/wp\/v2\/product\/28290","targetHints":{"allow":["GET"]}}],"collection":[{"href":"https:\/\/www.ernstbrunn-apotheke.at\/katalog\/wp-json\/wp\/v2\/product"}],"about":[{"href":"https:\/\/www.ernstbrunn-apotheke.at\/katalog\/wp-json\/wp\/v2\/types\/product"}],"wp:featuredmedia":[{"embeddable":true,"href":"https:\/\/www.ernstbrunn-apotheke.at\/katalog\/wp-json\/wp\/v2\/media\/28292"}],"wp:attachment":[{"href":"https:\/\/www.ernstbrunn-apotheke.at\/katalog\/wp-json\/wp\/v2\/media?parent=28290"}],"wp:term":[{"taxonomy":"product_brand","embeddable":true,"href":"https:\/\/www.ernstbrunn-apotheke.at\/katalog\/wp-json\/wp\/v2\/product_brand?post=28290"},{"taxonomy":"product_cat","embeddable":true,"href":"https:\/\/www.ernstbrunn-apotheke.at\/katalog\/wp-json\/wp\/v2\/product_cat?post=28290"},{"taxonomy":"product_tag","embeddable":true,"href":"https:\/\/www.ernstbrunn-apotheke.at\/katalog\/wp-json\/wp\/v2\/product_tag?post=28290"}],"curies":[{"name":"wp","href":"https:\/\/api.w.org\/{rel}","templated":true}]}}