{"id":28052,"date":"2025-11-07T23:55:26","date_gmt":"2025-11-07T22:55:26","guid":{"rendered":"https:\/\/www.ernstbrunn-apotheke.at\/katalog\/produkt\/la-roche-posay-lipikar-syndet-ap-400-ml\/"},"modified":"2025-12-08T14:59:43","modified_gmt":"2025-12-08T13:59:43","slug":"la-roche-posay-lipikar-syndet-ap-400-ml","status":"publish","type":"product","link":"https:\/\/www.ernstbrunn-apotheke.at\/katalog\/produkt\/la-roche-posay-lipikar-syndet-ap-400-ml\/","title":{"rendered":"La Roche-Posay Lipikar Syndet AP+ 400 ml"},"content":{"rendered":"<p>Seifenfreie K\u00f6rperreinigung als Basispflege zum Duschen bei Neurodermitis und empfindlicher, extrem trockener Haut. Wirkt r\u00fcckfettend und hautberuhigend, reinigt sanft und schonend ohne die Haut auszutrocknen. Mit Niacinamid, Karit\u00e9butter und dem exklusiven Wirkstoff Aqua Posae Filiformis, welcher hilft das Mikrobiom (mikrobakterieller Schutzmantel der Haut) wieder ins Gleichgewicht zu bringen und somit die Schutzfunktion der Haut st\u00e4rkt.<\/p>\n","protected":false},"excerpt":{"rendered":"<p>Seifenfreie K\u00f6rperreinigung als Basispflege zum Duschen bei Neurodermitis und empfindlicher, extrem trockener Haut. Wirkt r\u00fcckfettend und hautberuhigend, reinigt sanft und schonend ohne die Haut auszutrocknen. Mit Niacinamid, Karit\u00e9butter und dem exklusiven Wirkstoff Aqua Posae Filiformis, welcher hilft das Mikrobiom (mikrobakterieller Schutzmantel der Haut) wieder ins Gleichgewicht zu bringen und somit die Schutzfunktion der Haut st\u00e4rkt.<\/p>\n","protected":false},"featured_media":28054,"template":"","meta":{"_acf_changed":false},"product_brand":[677],"product_cat":[795],"product_tag":[],"class_list":{"0":"post-28052","1":"product","2":"type-product","3":"status-publish","4":"has-post-thumbnail","6":"product_brand-la-roche-posay","7":"product_cat-l","8":"pa_packungsgroesse-400ml","10":"first","11":"instock","12":"shipping-taxable","13":"purchasable","14":"product-type-simple"},"acf":[],"_links":{"self":[{"href":"https:\/\/www.ernstbrunn-apotheke.at\/katalog\/wp-json\/wp\/v2\/product\/28052","targetHints":{"allow":["GET"]}}],"collection":[{"href":"https:\/\/www.ernstbrunn-apotheke.at\/katalog\/wp-json\/wp\/v2\/product"}],"about":[{"href":"https:\/\/www.ernstbrunn-apotheke.at\/katalog\/wp-json\/wp\/v2\/types\/product"}],"wp:featuredmedia":[{"embeddable":true,"href":"https:\/\/www.ernstbrunn-apotheke.at\/katalog\/wp-json\/wp\/v2\/media\/28054"}],"wp:attachment":[{"href":"https:\/\/www.ernstbrunn-apotheke.at\/katalog\/wp-json\/wp\/v2\/media?parent=28052"}],"wp:term":[{"taxonomy":"product_brand","embeddable":true,"href":"https:\/\/www.ernstbrunn-apotheke.at\/katalog\/wp-json\/wp\/v2\/product_brand?post=28052"},{"taxonomy":"product_cat","embeddable":true,"href":"https:\/\/www.ernstbrunn-apotheke.at\/katalog\/wp-json\/wp\/v2\/product_cat?post=28052"},{"taxonomy":"product_tag","embeddable":true,"href":"https:\/\/www.ernstbrunn-apotheke.at\/katalog\/wp-json\/wp\/v2\/product_tag?post=28052"}],"curies":[{"name":"wp","href":"https:\/\/api.w.org\/{rel}","templated":true}]}}