{"id":27807,"date":"2025-11-07T23:51:46","date_gmt":"2025-11-07T22:51:46","guid":{"rendered":"https:\/\/www.ernstbrunn-apotheke.at\/katalog\/produkt\/eucerin-urearepair-plus-koerpercreme-5-fuer-sehr-trockeneraue-haut\/"},"modified":"2025-12-08T14:58:38","modified_gmt":"2025-12-08T13:58:38","slug":"eucerin-urearepair-plus-koerpercreme-5-fuer-sehr-trockeneraue-haut","status":"publish","type":"product","link":"https:\/\/www.ernstbrunn-apotheke.at\/katalog\/produkt\/eucerin-urearepair-plus-koerpercreme-5-fuer-sehr-trockeneraue-haut\/","title":{"rendered":"Eucerin UreaRepair PLUS K\u00f6rpercreme 5% f\u00fcr sehr trockene&#038;raue Haut"},"content":{"rendered":"<p>Eucerin 5% Area Repair K\u00f6rpercreme zeichnet sich durch ihre angenehm cremige Textur aus. Urea und weitere nat\u00fcrliche Feuchthaltefaktoren spenden und binden intensiv Feuchtigkeit und sorgen so f\u00fcr einen gesunden Feuchtigkeitsgehalt der Haut. Zus\u00e4tzlich st\u00e4rken Ceramide die physiologische Hautbarriere, damit die Feuchtigkeit nicht entweichen kann.<\/p>\n","protected":false},"excerpt":{"rendered":"<p>Eucerin 5% Area Repair K\u00f6rpercreme zeichnet sich durch ihre angenehm cremige Textur aus. Urea und weitere nat\u00fcrliche Feuchthaltefaktoren spenden und binden intensiv Feuchtigkeit und sorgen so f\u00fcr einen gesunden Feuchtigkeitsgehalt der Haut. Zus\u00e4tzlich st\u00e4rken Ceramide die physiologische Hautbarriere, damit die Feuchtigkeit nicht entweichen kann.<\/p>\n","protected":false},"featured_media":27809,"template":"","meta":{"_acf_changed":false},"product_brand":[334],"product_cat":[794],"product_tag":[],"class_list":{"0":"post-27807","1":"product","2":"type-product","3":"status-publish","4":"has-post-thumbnail","6":"product_brand-eucerin","7":"product_cat-e","8":"pa_packungsgroesse-450ml","10":"first","11":"instock","12":"shipping-taxable","13":"purchasable","14":"product-type-simple"},"acf":[],"_links":{"self":[{"href":"https:\/\/www.ernstbrunn-apotheke.at\/katalog\/wp-json\/wp\/v2\/product\/27807","targetHints":{"allow":["GET"]}}],"collection":[{"href":"https:\/\/www.ernstbrunn-apotheke.at\/katalog\/wp-json\/wp\/v2\/product"}],"about":[{"href":"https:\/\/www.ernstbrunn-apotheke.at\/katalog\/wp-json\/wp\/v2\/types\/product"}],"wp:featuredmedia":[{"embeddable":true,"href":"https:\/\/www.ernstbrunn-apotheke.at\/katalog\/wp-json\/wp\/v2\/media\/27809"}],"wp:attachment":[{"href":"https:\/\/www.ernstbrunn-apotheke.at\/katalog\/wp-json\/wp\/v2\/media?parent=27807"}],"wp:term":[{"taxonomy":"product_brand","embeddable":true,"href":"https:\/\/www.ernstbrunn-apotheke.at\/katalog\/wp-json\/wp\/v2\/product_brand?post=27807"},{"taxonomy":"product_cat","embeddable":true,"href":"https:\/\/www.ernstbrunn-apotheke.at\/katalog\/wp-json\/wp\/v2\/product_cat?post=27807"},{"taxonomy":"product_tag","embeddable":true,"href":"https:\/\/www.ernstbrunn-apotheke.at\/katalog\/wp-json\/wp\/v2\/product_tag?post=27807"}],"curies":[{"name":"wp","href":"https:\/\/api.w.org\/{rel}","templated":true}]}}