{"id":27634,"date":"2025-11-07T23:48:49","date_gmt":"2025-11-07T22:48:49","guid":{"rendered":"https:\/\/www.ernstbrunn-apotheke.at\/katalog\/produkt\/apofit-jojoba-oel-100-ml\/"},"modified":"2025-12-08T14:57:26","modified_gmt":"2025-12-08T13:57:26","slug":"apofit-jojoba-oel-100-ml","status":"publish","type":"product","link":"https:\/\/www.ernstbrunn-apotheke.at\/katalog\/produkt\/apofit-jojoba-oel-100-ml\/","title":{"rendered":"Apofit Jojoba \u00d6l 100 ml"},"content":{"rendered":"<p>Apofit Jojoba \u00d6l sorgt f\u00fcr die nat\u00fcrliche Hautpflege und eignet sich zum Einreiben, Massieren und Baden. Das \u00d6l wirkt hautstraffend und festigend und f\u00f6rdert zudem die Elastizit\u00e4t der Haut. Au\u00dferdem sch\u00fctzt es vor Feuchtigkeitsverlust und Umwelteinfl\u00fcssen und pflegt unreine sowie reife und trockene Haut &#8211; eines von vielen Spitzenprodukten der Marke APOFIT, welches Sie erhalten!<\/p>\n","protected":false},"excerpt":{"rendered":"<p>Apofit Jojoba \u00d6l sorgt f\u00fcr die nat\u00fcrliche Hautpflege und eignet sich zum Einreiben, Massieren und Baden. Das \u00d6l wirkt hautstraffend und festigend und f\u00f6rdert zudem die Elastizit\u00e4t der Haut. Au\u00dferdem sch\u00fctzt es vor Feuchtigkeitsverlust und Umwelteinfl\u00fcssen und pflegt unreine sowie reife und trockene Haut &#8211; eines von vielen Spitzenprodukten der Marke APOFIT, welches Sie erhalten!<\/p>\n","protected":false},"featured_media":27636,"template":"","meta":{"_acf_changed":false},"product_brand":[584],"product_cat":[801],"product_tag":[],"class_list":{"0":"post-27634","1":"product","2":"type-product","3":"status-publish","4":"has-post-thumbnail","6":"product_brand-apofit","7":"product_cat-a","8":"pa_packungsgroesse-100ml","10":"first","11":"instock","12":"shipping-taxable","13":"purchasable","14":"product-type-simple"},"acf":[],"_links":{"self":[{"href":"https:\/\/www.ernstbrunn-apotheke.at\/katalog\/wp-json\/wp\/v2\/product\/27634","targetHints":{"allow":["GET"]}}],"collection":[{"href":"https:\/\/www.ernstbrunn-apotheke.at\/katalog\/wp-json\/wp\/v2\/product"}],"about":[{"href":"https:\/\/www.ernstbrunn-apotheke.at\/katalog\/wp-json\/wp\/v2\/types\/product"}],"wp:featuredmedia":[{"embeddable":true,"href":"https:\/\/www.ernstbrunn-apotheke.at\/katalog\/wp-json\/wp\/v2\/media\/27636"}],"wp:attachment":[{"href":"https:\/\/www.ernstbrunn-apotheke.at\/katalog\/wp-json\/wp\/v2\/media?parent=27634"}],"wp:term":[{"taxonomy":"product_brand","embeddable":true,"href":"https:\/\/www.ernstbrunn-apotheke.at\/katalog\/wp-json\/wp\/v2\/product_brand?post=27634"},{"taxonomy":"product_cat","embeddable":true,"href":"https:\/\/www.ernstbrunn-apotheke.at\/katalog\/wp-json\/wp\/v2\/product_cat?post=27634"},{"taxonomy":"product_tag","embeddable":true,"href":"https:\/\/www.ernstbrunn-apotheke.at\/katalog\/wp-json\/wp\/v2\/product_tag?post=27634"}],"curies":[{"name":"wp","href":"https:\/\/api.w.org\/{rel}","templated":true}]}}