{"id":27429,"date":"2025-11-07T23:45:38","date_gmt":"2025-11-07T22:45:38","guid":{"rendered":"https:\/\/www.ernstbrunn-apotheke.at\/katalog\/produkt\/lasepton-baby-schutz-creme-25-ml\/"},"modified":"2025-12-08T14:56:31","modified_gmt":"2025-12-08T13:56:31","slug":"lasepton-baby-schutz-creme-25-ml","status":"publish","type":"product","link":"https:\/\/www.ernstbrunn-apotheke.at\/katalog\/produkt\/lasepton-baby-schutz-creme-25-ml\/","title":{"rendered":"Lasepton BABY Schutz-Creme 25 ml"},"content":{"rendered":"<p>Lasepton BABY Schutz-Creme enth\u00e4lt hochwertige nat\u00fcrliche und pflanzliche Inhaltsstoffe wie Omega 3- &#038; 9-\u00d6le, Aloe Vera, Allantoin sowie hautpflegendes Dexpanthenol und Zinkoxid. Bildet einen Schutzfilm gegen N\u00e4sse und Wundwerden .<\/p>\n","protected":false},"excerpt":{"rendered":"<p>Lasepton BABY Schutz-Creme enth\u00e4lt hochwertige nat\u00fcrliche und pflanzliche Inhaltsstoffe wie Omega 3- &#038; 9-\u00d6le, Aloe Vera, Allantoin sowie hautpflegendes Dexpanthenol und Zinkoxid. Bildet einen Schutzfilm gegen N\u00e4sse und Wundwerden .<\/p>\n","protected":false},"featured_media":27431,"template":"","meta":{"_acf_changed":false},"product_brand":[740],"product_cat":[795],"product_tag":[],"class_list":{"0":"post-27429","1":"product","2":"type-product","3":"status-publish","4":"has-post-thumbnail","6":"product_brand-lasepton","7":"product_cat-l","8":"pa_packungsgroesse-250ml","9":"pa_packungsgroesse-25ml","11":"first","12":"instock","13":"shipping-taxable","14":"purchasable","15":"product-type-simple"},"acf":[],"_links":{"self":[{"href":"https:\/\/www.ernstbrunn-apotheke.at\/katalog\/wp-json\/wp\/v2\/product\/27429","targetHints":{"allow":["GET"]}}],"collection":[{"href":"https:\/\/www.ernstbrunn-apotheke.at\/katalog\/wp-json\/wp\/v2\/product"}],"about":[{"href":"https:\/\/www.ernstbrunn-apotheke.at\/katalog\/wp-json\/wp\/v2\/types\/product"}],"wp:featuredmedia":[{"embeddable":true,"href":"https:\/\/www.ernstbrunn-apotheke.at\/katalog\/wp-json\/wp\/v2\/media\/27431"}],"wp:attachment":[{"href":"https:\/\/www.ernstbrunn-apotheke.at\/katalog\/wp-json\/wp\/v2\/media?parent=27429"}],"wp:term":[{"taxonomy":"product_brand","embeddable":true,"href":"https:\/\/www.ernstbrunn-apotheke.at\/katalog\/wp-json\/wp\/v2\/product_brand?post=27429"},{"taxonomy":"product_cat","embeddable":true,"href":"https:\/\/www.ernstbrunn-apotheke.at\/katalog\/wp-json\/wp\/v2\/product_cat?post=27429"},{"taxonomy":"product_tag","embeddable":true,"href":"https:\/\/www.ernstbrunn-apotheke.at\/katalog\/wp-json\/wp\/v2\/product_tag?post=27429"}],"curies":[{"name":"wp","href":"https:\/\/api.w.org\/{rel}","templated":true}]}}