{"id":27236,"date":"2025-11-07T23:42:10","date_gmt":"2025-11-07T22:42:10","guid":{"rendered":"https:\/\/www.ernstbrunn-apotheke.at\/katalog\/produkt\/vagisan-feuchtcreme-kombi-8-zaepfchen-10-g-creme\/"},"modified":"2025-12-08T14:55:28","modified_gmt":"2025-12-08T13:55:28","slug":"vagisan-feuchtcreme-kombi-8-zaepfchen-10-g-creme","status":"publish","type":"product","link":"https:\/\/www.ernstbrunn-apotheke.at\/katalog\/produkt\/vagisan-feuchtcreme-kombi-8-zaepfchen-10-g-creme\/","title":{"rendered":"Vagisan FeuchtCreme Kombi 8 Z\u00e4pfchen +10 g Creme"},"content":{"rendered":"<p><strong>Vagisan FeuchtCreme Kombi &#8211; hormonfreie Creme und weichschmelzende Z\u00e4pfchen gegen Scheidentrockenheit &#8211; lindert Brennen, Jucken und Schmerzen bedingt durch eine trockene Scheide &#8211; Gegen Schmerzen beim Sex<\/strong><\/p>\n<p>&#13;<\/p>\n<p>Das Produkt auf einen Blick:<\/p>\n<p>&#13;<\/p>\n<ul>&#13;<\/p>\n<li>pflegt die Scheide und h\u00e4lt sie geschmeidig<\/li>\n<p>&#13;<\/p>\n<li>hilft gegen Schmerzen beim Sex<\/li>\n<p>&#13;<\/p>\n<li>lindert Juckreiz, Brennen und Trockenheitsgef\u00fchl<\/li>\n<p>&#13;<\/p>\n<li>spendet Feuchtigkeit<\/li>\n<p>&#13;<\/p>\n<li>ohne Hormone<\/li>\n<p>&#13;<\/p>\n<li>weichschmelzende Z\u00e4pfchen &#8211; Anwendung ohne Applikator<\/li>\n<p>&#13;<\/p>\n<li>von den Vagisan Experten entwickelt<\/li>\n<p>&#13;\n<\/ul>\n<p>&#13;<\/p>\n<p>Vagisan FeuchtCreme Kombi ist die Kombination aus Vagisan FeuchtCreme und Vagisan FeuchtCreme Cremolum. Die Feuchtcreme pflegt und befeuchtet den \u00e4u\u00dferen Intimbereich. Das FeuchtCreme Cremolum ist ein\u00a0 weichschmelzendes Vaginalz\u00e4pfchen, welches die Trockenheit in der Scheide lindert.<\/p>\n<p>&#13;<\/p>\n<p>So werden die durch Scheidentrockenheit hervorgerufenen Symptome wie z. B. Trockenheitsgef\u00fchl, Brennen, Juckreiz oder Scheidenschmerzen gelindert.<\/p>\n<p>&#13;<\/p>\n<p>Bei der hormonfreien Vagisan FeuchtCreme handelt es sich im Unterschied zu einer rein wasserbasierten Zubereitung (die meisten Gele) um eine Creme. Die Vagisan FeuchtCreme hat neben einem hohen Wasser-Anteil auch einen pflegenden Fett-Anteil. So wird der trockene Intimbereich mit Feuchtigkeit und pflegenden Lipiden versorgt. Die wei\u00dfe, geschmeidige Creme macht die empfindliche Haut im Intimbereich angenehm geschmeidig und kann vor dem Intimverkehr angewendet werden (als Gleitcreme).<\/p>\n<p>&#13;<\/p>\n<p>F\u00fcr Frauen, die ein Brennen oder ein Jucken der Scheide versp\u00fcren und einen Applikator als unangenehm empfinden, gibt es Vagisan FeuchtCreme Cremolum. Das Cremolum ist ein weichschmelzendes Vaginalz\u00e4pfchen gegen Scheidentrockenheit. Es wird ganz ohne Applikator angewendet und pflegt die trockene Vagina. Die Z\u00e4pfchen schmelzen in der W\u00e4rme der Scheide und bilden dort zusammen mit der Scheidenfl\u00fcssigkeit eine Creme, die das Scheiden-Innere pflegt. Die Vaginalz\u00e4pfchen sind praktisch in der Anwendung und dadurch besonders bequem auf Reisen oder wenn es schnell gehen soll. Sie werden IN die Scheide eingef\u00fchrt, vorzugsweise vor dem Schlafengehen.<\/p>\n<p>&#13;<\/p>\n<p>Die Anwendung ist abh\u00e4ngig von den individuellen Beschwerden. Ein Cremolum kann 1x t\u00e4glich angewendet werden oder seltener (z.B. 2-3x pro Woche). W\u00e4hrend der Anwendung wird empfohlen eine Slipeinlage zu tragen. Vagisan FeuchtCreme Cremolum kann auch w\u00e4hrend der Schwangerschaft und Stillzeit angewendet werden. Der Zusatz eines Milchs\u00e4ure-Calciumlactat-Puffers bewirkt, dass die sich in der Scheide bildende Creme einen pH-Wert (S\u00e4urewert) von ca. 4,5 aufweist \u2013 dadurch tr\u00e4gt Vagisan FeuchtCreme Cremolum zur Erhaltung eines gesunden Scheidenmilieus bei.<\/p>\n<p>&#13;<\/p>\n<p>Sowohl die Intimcreme als auch die Vaginalz\u00e4pfchen sind frei von Hormonen (\u00d6strogenen) und k\u00f6nnen deshalb auch zusammen mit einer systemischen Hormonersatztherapie (z. B. Tabletten, transdermale Pflaster) oder im Wechsel mit Hormon- (\u00d6strogen-)haltigen Vaginalcremes oder -z\u00e4pfchen angewandt werden. Sowohl die Creme als auch das Z\u00e4pfchen sind frei von Duftstoffen.<\/p>\n<p>&#13;<\/p>\n<p>Scheidentrockenheit betrifft vor allem Frauen in bzw. nach den Wechseljahren, aber auch j\u00fcngere Frauen k\u00f6nnen von einer trockenen Scheide betroffen sein. Oftmals ist ein \u00d6strogenmangel (in der Menopause und danach) der Grund f\u00fcr eine trockene Scheide, aber auch Hormonschwankungen oder Stress k\u00f6nnen eine Ursache sein.<\/p>\n<p>&#13;<\/p>\n<p>Scheidentrockenheit macht sich h\u00e4ufig durch Schmerzen beim Sex bemerkbar, kann die betroffenen Frauen aber auch in allt\u00e4glichen Situationen beeintr\u00e4chtigen, z. B. beim Sitzen oder Fahrradfahren.<\/p>\n<p>&#13;<\/p>\n<p>Die regelm\u00e4\u00dfige Anwendung von Vagisan FeuchtCreme und Vagisan FeuchtCreme Cremolum kann dazu beitragen, durch vaginale Trockenheit bedingte Reizungen, Entz\u00fcndungen und Schmerzen in der Scheide und im \u00e4u\u00dferen Intimbereich vorzubeugen.<\/p>\n","protected":false},"excerpt":{"rendered":"<p>Vagisan FeuchtCreme Kombi &#8211; hormonfreie Creme und weichschmelzende Z\u00e4pfchen gegen Scheidentrockenheit &#8211; lindert Brennen, Jucken und Schmerzen bedingt durch eine trockene Scheide &#8211; Gegen Schmerzen beim Sex &#13; Das Produkt auf einen Blick: &#13; &#13; pflegt die Scheide und h\u00e4lt sie geschmeidig &#13; hilft gegen Schmerzen beim Sex &#13; lindert Juckreiz, Brennen und Trockenheitsgef\u00fchl &#13; [&hellip;]<\/p>\n","protected":false},"featured_media":27238,"template":"","meta":{"_acf_changed":false},"product_brand":[],"product_cat":[799],"product_tag":[],"class_list":{"0":"post-27236","1":"product","2":"type-product","3":"status-publish","4":"has-post-thumbnail","6":"product_cat-v","7":"pa_packungsgroesse-500","9":"first","10":"instock","11":"shipping-taxable","12":"purchasable","13":"product-type-simple"},"acf":[],"_links":{"self":[{"href":"https:\/\/www.ernstbrunn-apotheke.at\/katalog\/wp-json\/wp\/v2\/product\/27236","targetHints":{"allow":["GET"]}}],"collection":[{"href":"https:\/\/www.ernstbrunn-apotheke.at\/katalog\/wp-json\/wp\/v2\/product"}],"about":[{"href":"https:\/\/www.ernstbrunn-apotheke.at\/katalog\/wp-json\/wp\/v2\/types\/product"}],"wp:featuredmedia":[{"embeddable":true,"href":"https:\/\/www.ernstbrunn-apotheke.at\/katalog\/wp-json\/wp\/v2\/media\/27238"}],"wp:attachment":[{"href":"https:\/\/www.ernstbrunn-apotheke.at\/katalog\/wp-json\/wp\/v2\/media?parent=27236"}],"wp:term":[{"taxonomy":"product_brand","embeddable":true,"href":"https:\/\/www.ernstbrunn-apotheke.at\/katalog\/wp-json\/wp\/v2\/product_brand?post=27236"},{"taxonomy":"product_cat","embeddable":true,"href":"https:\/\/www.ernstbrunn-apotheke.at\/katalog\/wp-json\/wp\/v2\/product_cat?post=27236"},{"taxonomy":"product_tag","embeddable":true,"href":"https:\/\/www.ernstbrunn-apotheke.at\/katalog\/wp-json\/wp\/v2\/product_tag?post=27236"}],"curies":[{"name":"wp","href":"https:\/\/api.w.org\/{rel}","templated":true}]}}