{"id":27228,"date":"2025-11-07T23:42:10","date_gmt":"2025-11-07T22:42:10","guid":{"rendered":"https:\/\/www.ernstbrunn-apotheke.at\/katalog\/produkt\/ombe-intim-kapseln-14-stk\/"},"modified":"2025-12-08T14:55:27","modified_gmt":"2025-12-08T13:55:27","slug":"ombe-intim-kapseln-14-stk","status":"publish","type":"product","link":"https:\/\/www.ernstbrunn-apotheke.at\/katalog\/produkt\/ombe-intim-kapseln-14-stk\/","title":{"rendered":"Ombe Intim Kapseln 14 Stk."},"content":{"rendered":"<p>Ombe Intim 14 Stk. speziell f\u00fcr die Frau ist ein Nahrungserg\u00e4nzungsmittel mit vermehrungsf\u00e4higen Milchs\u00e4urebakterien. Die Kapseln erg\u00e4nzen somit mit jeder Anwendung die nat\u00fcrlichen, in der gesunden Vaginalflora vorkommenden Milchs\u00e4urebakterien. OMBE Intim wird als Kapsel oral eingenommen.<\/p>\n","protected":false},"excerpt":{"rendered":"<p>Ombe Intim 14 Stk. speziell f\u00fcr die Frau ist ein Nahrungserg\u00e4nzungsmittel mit vermehrungsf\u00e4higen Milchs\u00e4urebakterien. Die Kapseln erg\u00e4nzen somit mit jeder Anwendung die nat\u00fcrlichen, in der gesunden Vaginalflora vorkommenden Milchs\u00e4urebakterien. OMBE Intim wird als Kapsel oral eingenommen.<\/p>\n","protected":false},"featured_media":27230,"template":"","meta":{"_acf_changed":false},"product_brand":[],"product_cat":[819],"product_tag":[],"class_list":{"0":"post-27228","1":"product","2":"type-product","3":"status-publish","4":"has-post-thumbnail","6":"product_cat-o","7":"pa_packungsgroesse-14-stueck","9":"first","10":"instock","11":"shipping-taxable","12":"purchasable","13":"product-type-simple"},"acf":[],"_links":{"self":[{"href":"https:\/\/www.ernstbrunn-apotheke.at\/katalog\/wp-json\/wp\/v2\/product\/27228","targetHints":{"allow":["GET"]}}],"collection":[{"href":"https:\/\/www.ernstbrunn-apotheke.at\/katalog\/wp-json\/wp\/v2\/product"}],"about":[{"href":"https:\/\/www.ernstbrunn-apotheke.at\/katalog\/wp-json\/wp\/v2\/types\/product"}],"wp:featuredmedia":[{"embeddable":true,"href":"https:\/\/www.ernstbrunn-apotheke.at\/katalog\/wp-json\/wp\/v2\/media\/27230"}],"wp:attachment":[{"href":"https:\/\/www.ernstbrunn-apotheke.at\/katalog\/wp-json\/wp\/v2\/media?parent=27228"}],"wp:term":[{"taxonomy":"product_brand","embeddable":true,"href":"https:\/\/www.ernstbrunn-apotheke.at\/katalog\/wp-json\/wp\/v2\/product_brand?post=27228"},{"taxonomy":"product_cat","embeddable":true,"href":"https:\/\/www.ernstbrunn-apotheke.at\/katalog\/wp-json\/wp\/v2\/product_cat?post=27228"},{"taxonomy":"product_tag","embeddable":true,"href":"https:\/\/www.ernstbrunn-apotheke.at\/katalog\/wp-json\/wp\/v2\/product_tag?post=27228"}],"curies":[{"name":"wp","href":"https:\/\/api.w.org\/{rel}","templated":true}]}}