{"id":26723,"date":"2025-11-07T23:34:56","date_gmt":"2025-11-07T22:34:56","guid":{"rendered":"https:\/\/www.ernstbrunn-apotheke.at\/katalog\/produkt\/mava-white-10-ml\/"},"modified":"2025-12-08T14:52:39","modified_gmt":"2025-12-08T13:52:39","slug":"mava-white-10-ml","status":"publish","type":"product","link":"https:\/\/www.ernstbrunn-apotheke.at\/katalog\/produkt\/mava-white-10-ml\/","title":{"rendered":"Mava White 10 ml"},"content":{"rendered":"<p>Mava White ist ein optischer Farb-Perfektionierer f\u00fcr Ihre N\u00e4gel. Wird er vor dem Nagellack aufgetragen, bleibt die Farbe dieses Lacks treu, auch wenn die N\u00e4gel gelb sind. Dank seinem matten Effekt eignet er sich auch gut f\u00fcr Herren, deren N\u00e4gel etwa durch Nikotin fleckig oder gelb sind und die ein einwandfreies Aussehen ihrer N\u00e4gel w\u00fcnschen.<\/p>\n","protected":false},"excerpt":{"rendered":"<p>Mava White ist ein optischer Farb-Perfektionierer f\u00fcr Ihre N\u00e4gel. Wird er vor dem Nagellack aufgetragen, bleibt die Farbe dieses Lacks treu, auch wenn die N\u00e4gel gelb sind. Dank seinem matten Effekt eignet er sich auch gut f\u00fcr Herren, deren N\u00e4gel etwa durch Nikotin fleckig oder gelb sind und die ein einwandfreies Aussehen ihrer N\u00e4gel w\u00fcnschen.<\/p>\n","protected":false},"featured_media":26725,"template":"","meta":{"_acf_changed":false},"product_brand":[746],"product_cat":[800],"product_tag":[],"class_list":{"0":"post-26723","1":"product","2":"type-product","3":"status-publish","4":"has-post-thumbnail","6":"product_brand-mavala","7":"product_cat-m","8":"pa_packungsgroesse-10ml","10":"first","11":"instock","12":"shipping-taxable","13":"purchasable","14":"product-type-simple"},"acf":[],"_links":{"self":[{"href":"https:\/\/www.ernstbrunn-apotheke.at\/katalog\/wp-json\/wp\/v2\/product\/26723","targetHints":{"allow":["GET"]}}],"collection":[{"href":"https:\/\/www.ernstbrunn-apotheke.at\/katalog\/wp-json\/wp\/v2\/product"}],"about":[{"href":"https:\/\/www.ernstbrunn-apotheke.at\/katalog\/wp-json\/wp\/v2\/types\/product"}],"wp:featuredmedia":[{"embeddable":true,"href":"https:\/\/www.ernstbrunn-apotheke.at\/katalog\/wp-json\/wp\/v2\/media\/26725"}],"wp:attachment":[{"href":"https:\/\/www.ernstbrunn-apotheke.at\/katalog\/wp-json\/wp\/v2\/media?parent=26723"}],"wp:term":[{"taxonomy":"product_brand","embeddable":true,"href":"https:\/\/www.ernstbrunn-apotheke.at\/katalog\/wp-json\/wp\/v2\/product_brand?post=26723"},{"taxonomy":"product_cat","embeddable":true,"href":"https:\/\/www.ernstbrunn-apotheke.at\/katalog\/wp-json\/wp\/v2\/product_cat?post=26723"},{"taxonomy":"product_tag","embeddable":true,"href":"https:\/\/www.ernstbrunn-apotheke.at\/katalog\/wp-json\/wp\/v2\/product_tag?post=26723"}],"curies":[{"name":"wp","href":"https:\/\/api.w.org\/{rel}","templated":true}]}}