{"id":26637,"date":"2025-11-07T23:33:34","date_gmt":"2025-11-07T22:33:34","guid":{"rendered":"https:\/\/www.ernstbrunn-apotheke.at\/katalog\/produkt\/medipharma-cosmetics-olivenoel-haut-in-balance-fusscreme-100-ml\/"},"modified":"2025-12-08T14:52:12","modified_gmt":"2025-12-08T13:52:12","slug":"medipharma-cosmetics-olivenoel-haut-in-balance-fusscreme-100-ml","status":"publish","type":"product","link":"https:\/\/www.ernstbrunn-apotheke.at\/katalog\/produkt\/medipharma-cosmetics-olivenoel-haut-in-balance-fusscreme-100-ml\/","title":{"rendered":"Medipharma Cosmetics Oliven\u00f6l Haut in Balance Fu\u00dfcreme 100 ml"},"content":{"rendered":"<p>Medipharma Cosmetics Oliven\u00f6l Haut in Balance Fu\u00dfcreme mit Oliven\u00f6l und Urea pflegt und regeneriert sehr trockene, raue und rissige F\u00fc\u00dfe. Angereichert mit Vitamin E und Panthenol spendet die Pflegeformel nachhaltig Feuchtigkeit und mindert Druckstellen, Hornhaut und Schrunden.<\/p>\n","protected":false},"excerpt":{"rendered":"<p>Medipharma Cosmetics Oliven\u00f6l Haut in Balance Fu\u00dfcreme mit Oliven\u00f6l und Urea pflegt und regeneriert sehr trockene, raue und rissige F\u00fc\u00dfe. Angereichert mit Vitamin E und Panthenol spendet die Pflegeformel nachhaltig Feuchtigkeit und mindert Druckstellen, Hornhaut und Schrunden.<\/p>\n","protected":false},"featured_media":26639,"template":"","meta":{"_acf_changed":false},"product_brand":[685],"product_cat":[800],"product_tag":[],"class_list":{"0":"post-26637","1":"product","2":"type-product","3":"status-publish","4":"has-post-thumbnail","6":"product_brand-olivenoel-theiss","7":"product_cat-m","8":"pa_packungsgroesse-100ml","10":"first","11":"instock","12":"shipping-taxable","13":"purchasable","14":"product-type-simple"},"acf":[],"_links":{"self":[{"href":"https:\/\/www.ernstbrunn-apotheke.at\/katalog\/wp-json\/wp\/v2\/product\/26637","targetHints":{"allow":["GET"]}}],"collection":[{"href":"https:\/\/www.ernstbrunn-apotheke.at\/katalog\/wp-json\/wp\/v2\/product"}],"about":[{"href":"https:\/\/www.ernstbrunn-apotheke.at\/katalog\/wp-json\/wp\/v2\/types\/product"}],"wp:featuredmedia":[{"embeddable":true,"href":"https:\/\/www.ernstbrunn-apotheke.at\/katalog\/wp-json\/wp\/v2\/media\/26639"}],"wp:attachment":[{"href":"https:\/\/www.ernstbrunn-apotheke.at\/katalog\/wp-json\/wp\/v2\/media?parent=26637"}],"wp:term":[{"taxonomy":"product_brand","embeddable":true,"href":"https:\/\/www.ernstbrunn-apotheke.at\/katalog\/wp-json\/wp\/v2\/product_brand?post=26637"},{"taxonomy":"product_cat","embeddable":true,"href":"https:\/\/www.ernstbrunn-apotheke.at\/katalog\/wp-json\/wp\/v2\/product_cat?post=26637"},{"taxonomy":"product_tag","embeddable":true,"href":"https:\/\/www.ernstbrunn-apotheke.at\/katalog\/wp-json\/wp\/v2\/product_tag?post=26637"}],"curies":[{"name":"wp","href":"https:\/\/api.w.org\/{rel}","templated":true}]}}