{"id":26521,"date":"2025-11-07T23:31:40","date_gmt":"2025-11-07T22:31:40","guid":{"rendered":"https:\/\/www.ernstbrunn-apotheke.at\/katalog\/produkt\/medipharma-cosmetics-olivenoel-mandelmilch-handpflegebalsam-100-ml\/"},"modified":"2025-12-08T14:51:46","modified_gmt":"2025-12-08T13:51:46","slug":"medipharma-cosmetics-olivenoel-mandelmilch-handpflegebalsam-100-ml","status":"publish","type":"product","link":"https:\/\/www.ernstbrunn-apotheke.at\/katalog\/produkt\/medipharma-cosmetics-olivenoel-mandelmilch-handpflegebalsam-100-ml\/","title":{"rendered":"Medipharma Cosmetics Oliven\u00f6l &#038; Mandelmilch Handpflegebalsam 100 ml"},"content":{"rendered":"<p>Medipharma Cosmetics Oliven\u00f6l &#038; Mandelmilch Handpflegebalsam dient zur Pflege Ihrer strapazierten H\u00e4nde. Kaltgepresstes Oliven\u00f6l aus der Toskana, hautpflegendes Mandel\u00f6l und wertvolle Milchproteine sch\u00fctzen und regenerieren die Haut. Genie\u00dfen Sie die mediterrane Pflege und den zart cremigen Duft.<\/p>\n","protected":false},"excerpt":{"rendered":"<p>Medipharma Cosmetics Oliven\u00f6l &#038; Mandelmilch Handpflegebalsam dient zur Pflege Ihrer strapazierten H\u00e4nde. Kaltgepresstes Oliven\u00f6l aus der Toskana, hautpflegendes Mandel\u00f6l und wertvolle Milchproteine sch\u00fctzen und regenerieren die Haut. Genie\u00dfen Sie die mediterrane Pflege und den zart cremigen Duft.<\/p>\n","protected":false},"featured_media":26523,"template":"","meta":{"_acf_changed":false},"product_brand":[685],"product_cat":[800],"product_tag":[],"class_list":{"0":"post-26521","1":"product","2":"type-product","3":"status-publish","4":"has-post-thumbnail","6":"product_brand-olivenoel-theiss","7":"product_cat-m","8":"pa_packungsgroesse-100ml","10":"first","11":"instock","12":"shipping-taxable","13":"purchasable","14":"product-type-simple"},"acf":[],"_links":{"self":[{"href":"https:\/\/www.ernstbrunn-apotheke.at\/katalog\/wp-json\/wp\/v2\/product\/26521","targetHints":{"allow":["GET"]}}],"collection":[{"href":"https:\/\/www.ernstbrunn-apotheke.at\/katalog\/wp-json\/wp\/v2\/product"}],"about":[{"href":"https:\/\/www.ernstbrunn-apotheke.at\/katalog\/wp-json\/wp\/v2\/types\/product"}],"wp:featuredmedia":[{"embeddable":true,"href":"https:\/\/www.ernstbrunn-apotheke.at\/katalog\/wp-json\/wp\/v2\/media\/26523"}],"wp:attachment":[{"href":"https:\/\/www.ernstbrunn-apotheke.at\/katalog\/wp-json\/wp\/v2\/media?parent=26521"}],"wp:term":[{"taxonomy":"product_brand","embeddable":true,"href":"https:\/\/www.ernstbrunn-apotheke.at\/katalog\/wp-json\/wp\/v2\/product_brand?post=26521"},{"taxonomy":"product_cat","embeddable":true,"href":"https:\/\/www.ernstbrunn-apotheke.at\/katalog\/wp-json\/wp\/v2\/product_cat?post=26521"},{"taxonomy":"product_tag","embeddable":true,"href":"https:\/\/www.ernstbrunn-apotheke.at\/katalog\/wp-json\/wp\/v2\/product_tag?post=26521"}],"curies":[{"name":"wp","href":"https:\/\/api.w.org\/{rel}","templated":true}]}}