{"id":26460,"date":"2025-11-07T23:30:17","date_gmt":"2025-11-07T22:30:17","guid":{"rendered":"https:\/\/www.ernstbrunn-apotheke.at\/katalog\/produkt\/stal-kartoffelcreme-310-ml-unparfuemiert\/"},"modified":"2025-12-08T14:51:25","modified_gmt":"2025-12-08T13:51:25","slug":"stal-kartoffelcreme-310-ml-unparfuemiert","status":"publish","type":"product","link":"https:\/\/www.ernstbrunn-apotheke.at\/katalog\/produkt\/stal-kartoffelcreme-310-ml-unparfuemiert\/","title":{"rendered":"Stal Kartoffelcreme 310 ml Unparf\u00fcmiert"},"content":{"rendered":"<p>Stal Kartoffelcreme nat\u00fcrliche Hautpflegecreme welche die nat\u00fcrlichen Wirkstoffe von Kartoffeln nutzt um der Haut zu einem geschmeidigeren Gesamtbild zu verhelfen. Die Creme eignet sich besonders f\u00fcr H\u00e4nde und F\u00fc\u00dfe. Die auf jahrelanger Erfahrung beruhende Zusammensetzung der Stal Kartoffelcreme ohne Parfum versorgt die Haut mit Feuchtigkeit und wirkt rissigen und spr\u00f6den Hautstellen entgegen. Besonders die F\u00fc\u00dfe, aber auch die H\u00e4nde und den K\u00f6rper, profitieren von den Inhaltstoffen der Kartoffelcreme. Der Wirkstoff Solanin wird aus den f\u00fcr die Zubereitung der Creme verwendeten Rohkartoffeln gewonnen. Die Creme ist frei von Paraffin, Farbstoffen oder Duftstoffen, um so eine hohe Hautvertr\u00e4glichkeit zu erreichen. Auch auf chemische Konservierungsmittel wird bei der Erzeugung von Stal Kartoffelcreme verzichtet. Daher handelt es sich um ein nat\u00fcrliches, wohltuendes Mittel um besch\u00e4digte Hautstellen wieder zur gewohnten Geschmeidigkeit zu verhelfen. .<\/p>\n","protected":false},"excerpt":{"rendered":"<p>Stal Kartoffelcreme nat\u00fcrliche Hautpflegecreme welche die nat\u00fcrlichen Wirkstoffe von Kartoffeln nutzt um der Haut zu einem geschmeidigeren Gesamtbild zu verhelfen. Die Creme eignet sich besonders f\u00fcr H\u00e4nde und F\u00fc\u00dfe. Die auf jahrelanger Erfahrung beruhende Zusammensetzung der Stal Kartoffelcreme ohne Parfum versorgt die Haut mit Feuchtigkeit und wirkt rissigen und spr\u00f6den Hautstellen entgegen. Besonders die F\u00fc\u00dfe, [&hellip;]<\/p>\n","protected":false},"featured_media":26462,"template":"","meta":{"_acf_changed":false},"product_brand":[],"product_cat":[791],"product_tag":[],"class_list":{"0":"post-26460","1":"product","2":"type-product","3":"status-publish","4":"has-post-thumbnail","6":"product_cat-s","7":"pa_packungsgroesse-310ml","9":"first","10":"instock","11":"shipping-taxable","12":"purchasable","13":"product-type-simple"},"acf":[],"_links":{"self":[{"href":"https:\/\/www.ernstbrunn-apotheke.at\/katalog\/wp-json\/wp\/v2\/product\/26460","targetHints":{"allow":["GET"]}}],"collection":[{"href":"https:\/\/www.ernstbrunn-apotheke.at\/katalog\/wp-json\/wp\/v2\/product"}],"about":[{"href":"https:\/\/www.ernstbrunn-apotheke.at\/katalog\/wp-json\/wp\/v2\/types\/product"}],"wp:featuredmedia":[{"embeddable":true,"href":"https:\/\/www.ernstbrunn-apotheke.at\/katalog\/wp-json\/wp\/v2\/media\/26462"}],"wp:attachment":[{"href":"https:\/\/www.ernstbrunn-apotheke.at\/katalog\/wp-json\/wp\/v2\/media?parent=26460"}],"wp:term":[{"taxonomy":"product_brand","embeddable":true,"href":"https:\/\/www.ernstbrunn-apotheke.at\/katalog\/wp-json\/wp\/v2\/product_brand?post=26460"},{"taxonomy":"product_cat","embeddable":true,"href":"https:\/\/www.ernstbrunn-apotheke.at\/katalog\/wp-json\/wp\/v2\/product_cat?post=26460"},{"taxonomy":"product_tag","embeddable":true,"href":"https:\/\/www.ernstbrunn-apotheke.at\/katalog\/wp-json\/wp\/v2\/product_tag?post=26460"}],"curies":[{"name":"wp","href":"https:\/\/api.w.org\/{rel}","templated":true}]}}