{"id":26408,"date":"2025-11-07T23:29:27","date_gmt":"2025-11-07T22:29:27","guid":{"rendered":"https:\/\/www.ernstbrunn-apotheke.at\/katalog\/produkt\/podosyn-hornhautcreme-75-ml\/"},"modified":"2025-12-08T14:51:11","modified_gmt":"2025-12-08T13:51:11","slug":"podosyn-hornhautcreme-75-ml","status":"publish","type":"product","link":"https:\/\/www.ernstbrunn-apotheke.at\/katalog\/produkt\/podosyn-hornhautcreme-75-ml\/","title":{"rendered":"Podosyn Hornhautcreme 75 ml"},"content":{"rendered":"<p>Podosyn Hornhautcreme dient zur schonenden Reduktion von Hornhaut und ist eine intensive Pflege f\u00fcr beanspruchte F\u00fc\u00dfe. Die Creme wirkt zudem juckreizstillend und beruhigend auf die Haut und zeichnet sich durch den frischen Duft von Verbena aus. Zieht schnell ein und fettet nicht..<\/p>\n","protected":false},"excerpt":{"rendered":"<p>Podosyn Hornhautcreme dient zur schonenden Reduktion von Hornhaut und ist eine intensive Pflege f\u00fcr beanspruchte F\u00fc\u00dfe. Die Creme wirkt zudem juckreizstillend und beruhigend auf die Haut und zeichnet sich durch den frischen Duft von Verbena aus. Zieht schnell ein und fettet nicht..<\/p>\n","protected":false},"featured_media":26410,"template":"","meta":{"_acf_changed":false},"product_brand":[],"product_cat":[793],"product_tag":[],"class_list":{"0":"post-26408","1":"product","2":"type-product","3":"status-publish","4":"has-post-thumbnail","6":"product_cat-p","7":"pa_packungsgroesse-75ml","9":"first","10":"instock","11":"shipping-taxable","12":"purchasable","13":"product-type-simple"},"acf":[],"_links":{"self":[{"href":"https:\/\/www.ernstbrunn-apotheke.at\/katalog\/wp-json\/wp\/v2\/product\/26408","targetHints":{"allow":["GET"]}}],"collection":[{"href":"https:\/\/www.ernstbrunn-apotheke.at\/katalog\/wp-json\/wp\/v2\/product"}],"about":[{"href":"https:\/\/www.ernstbrunn-apotheke.at\/katalog\/wp-json\/wp\/v2\/types\/product"}],"wp:featuredmedia":[{"embeddable":true,"href":"https:\/\/www.ernstbrunn-apotheke.at\/katalog\/wp-json\/wp\/v2\/media\/26410"}],"wp:attachment":[{"href":"https:\/\/www.ernstbrunn-apotheke.at\/katalog\/wp-json\/wp\/v2\/media?parent=26408"}],"wp:term":[{"taxonomy":"product_brand","embeddable":true,"href":"https:\/\/www.ernstbrunn-apotheke.at\/katalog\/wp-json\/wp\/v2\/product_brand?post=26408"},{"taxonomy":"product_cat","embeddable":true,"href":"https:\/\/www.ernstbrunn-apotheke.at\/katalog\/wp-json\/wp\/v2\/product_cat?post=26408"},{"taxonomy":"product_tag","embeddable":true,"href":"https:\/\/www.ernstbrunn-apotheke.at\/katalog\/wp-json\/wp\/v2\/product_tag?post=26408"}],"curies":[{"name":"wp","href":"https:\/\/api.w.org\/{rel}","templated":true}]}}