{"id":26401,"date":"2025-11-07T23:29:27","date_gmt":"2025-11-07T22:29:27","guid":{"rendered":"https:\/\/www.ernstbrunn-apotheke.at\/katalog\/produkt\/mava-flex-10-ml\/"},"modified":"2025-12-08T14:51:08","modified_gmt":"2025-12-08T13:51:08","slug":"mava-flex-10-ml","status":"publish","type":"product","link":"https:\/\/www.ernstbrunn-apotheke.at\/katalog\/produkt\/mava-flex-10-ml\/","title":{"rendered":"Mava Flex 10 ml"},"content":{"rendered":"<p>Mava Flex ist eine einziehende, feuchtigkeitsspendende und kr\u00e4ftigende Pflege f\u00fcr die N\u00e4gel. Es sichert den optimalen Feutigkeitsgehalt, um die Flexibilit\u00e4t der Nagelplatte wieder herzustellen und zu erhalten. Das Resultat sind gesunde, flexible und weiche N\u00e4gel, die nicht mehr brechen.<\/p>\n","protected":false},"excerpt":{"rendered":"<p>Mava Flex ist eine einziehende, feuchtigkeitsspendende und kr\u00e4ftigende Pflege f\u00fcr die N\u00e4gel. Es sichert den optimalen Feutigkeitsgehalt, um die Flexibilit\u00e4t der Nagelplatte wieder herzustellen und zu erhalten. Das Resultat sind gesunde, flexible und weiche N\u00e4gel, die nicht mehr brechen.<\/p>\n","protected":false},"featured_media":26403,"template":"","meta":{"_acf_changed":false},"product_brand":[746],"product_cat":[800],"product_tag":[],"class_list":{"0":"post-26401","1":"product","2":"type-product","3":"status-publish","4":"has-post-thumbnail","6":"product_brand-mavala","7":"product_cat-m","8":"pa_packungsgroesse-10ml","10":"first","11":"instock","12":"shipping-taxable","13":"purchasable","14":"product-type-simple"},"acf":[],"_links":{"self":[{"href":"https:\/\/www.ernstbrunn-apotheke.at\/katalog\/wp-json\/wp\/v2\/product\/26401","targetHints":{"allow":["GET"]}}],"collection":[{"href":"https:\/\/www.ernstbrunn-apotheke.at\/katalog\/wp-json\/wp\/v2\/product"}],"about":[{"href":"https:\/\/www.ernstbrunn-apotheke.at\/katalog\/wp-json\/wp\/v2\/types\/product"}],"wp:featuredmedia":[{"embeddable":true,"href":"https:\/\/www.ernstbrunn-apotheke.at\/katalog\/wp-json\/wp\/v2\/media\/26403"}],"wp:attachment":[{"href":"https:\/\/www.ernstbrunn-apotheke.at\/katalog\/wp-json\/wp\/v2\/media?parent=26401"}],"wp:term":[{"taxonomy":"product_brand","embeddable":true,"href":"https:\/\/www.ernstbrunn-apotheke.at\/katalog\/wp-json\/wp\/v2\/product_brand?post=26401"},{"taxonomy":"product_cat","embeddable":true,"href":"https:\/\/www.ernstbrunn-apotheke.at\/katalog\/wp-json\/wp\/v2\/product_cat?post=26401"},{"taxonomy":"product_tag","embeddable":true,"href":"https:\/\/www.ernstbrunn-apotheke.at\/katalog\/wp-json\/wp\/v2\/product_tag?post=26401"}],"curies":[{"name":"wp","href":"https:\/\/api.w.org\/{rel}","templated":true}]}}