{"id":26398,"date":"2025-11-07T23:29:27","date_gmt":"2025-11-07T22:29:27","guid":{"rendered":"https:\/\/www.ernstbrunn-apotheke.at\/katalog\/produkt\/gehwol-med-nagelhautschutz-creme\/"},"modified":"2025-12-08T14:51:07","modified_gmt":"2025-12-08T13:51:07","slug":"gehwol-med-nagelhautschutz-creme","status":"publish","type":"product","link":"https:\/\/www.ernstbrunn-apotheke.at\/katalog\/produkt\/gehwol-med-nagelhautschutz-creme\/","title":{"rendered":"Gehwol Med. Nagelhautschutz Creme"},"content":{"rendered":"<p>Gehwol med Nagel- und Hautschutz Creme sch\u00fctzt wirkungsvoll vor Pilzbefall, pflegt N\u00e4gel und Haut elastisch und sch\u00f6n Gehwol med Nagel- und Hautschutz- Creme enth\u00e4lt die hochwertigen Pflegestoffe Weizenkeim\u00f6l, Panthenol und Bisabolol zur Pflege von N\u00e4geln und Haut.<\/p>\n","protected":false},"excerpt":{"rendered":"<p>Gehwol med Nagel- und Hautschutz Creme sch\u00fctzt wirkungsvoll vor Pilzbefall, pflegt N\u00e4gel und Haut elastisch und sch\u00f6n Gehwol med Nagel- und Hautschutz- Creme enth\u00e4lt die hochwertigen Pflegestoffe Weizenkeim\u00f6l, Panthenol und Bisabolol zur Pflege von N\u00e4geln und Haut.<\/p>\n","protected":false},"featured_media":26400,"template":"","meta":{"_acf_changed":false},"product_brand":[320],"product_cat":[810],"product_tag":[],"class_list":{"0":"post-26398","1":"product","2":"type-product","3":"status-publish","4":"has-post-thumbnail","6":"product_brand-gehwol","7":"product_cat-g","8":"pa_packungsgroesse-15ml","10":"first","11":"instock","12":"shipping-taxable","13":"purchasable","14":"product-type-simple"},"acf":[],"_links":{"self":[{"href":"https:\/\/www.ernstbrunn-apotheke.at\/katalog\/wp-json\/wp\/v2\/product\/26398","targetHints":{"allow":["GET"]}}],"collection":[{"href":"https:\/\/www.ernstbrunn-apotheke.at\/katalog\/wp-json\/wp\/v2\/product"}],"about":[{"href":"https:\/\/www.ernstbrunn-apotheke.at\/katalog\/wp-json\/wp\/v2\/types\/product"}],"wp:featuredmedia":[{"embeddable":true,"href":"https:\/\/www.ernstbrunn-apotheke.at\/katalog\/wp-json\/wp\/v2\/media\/26400"}],"wp:attachment":[{"href":"https:\/\/www.ernstbrunn-apotheke.at\/katalog\/wp-json\/wp\/v2\/media?parent=26398"}],"wp:term":[{"taxonomy":"product_brand","embeddable":true,"href":"https:\/\/www.ernstbrunn-apotheke.at\/katalog\/wp-json\/wp\/v2\/product_brand?post=26398"},{"taxonomy":"product_cat","embeddable":true,"href":"https:\/\/www.ernstbrunn-apotheke.at\/katalog\/wp-json\/wp\/v2\/product_cat?post=26398"},{"taxonomy":"product_tag","embeddable":true,"href":"https:\/\/www.ernstbrunn-apotheke.at\/katalog\/wp-json\/wp\/v2\/product_tag?post=26398"}],"curies":[{"name":"wp","href":"https:\/\/api.w.org\/{rel}","templated":true}]}}