{"id":25717,"date":"2025-11-07T23:18:38","date_gmt":"2025-11-07T22:18:38","guid":{"rendered":"https:\/\/www.ernstbrunn-apotheke.at\/katalog\/produkt\/lasepton-fuss-creme-75-ml\/"},"modified":"2025-12-08T14:47:51","modified_gmt":"2025-12-08T13:47:51","slug":"lasepton-fuss-creme-75-ml","status":"publish","type":"product","link":"https:\/\/www.ernstbrunn-apotheke.at\/katalog\/produkt\/lasepton-fuss-creme-75-ml\/","title":{"rendered":"Lasepton Fuss-Creme 75 ml"},"content":{"rendered":"<p>Lasepton Fuss-Creme 75 ml l\u00f6st sanft \u00fcberm\u00e4\u00dfige Hornhaut, spendet intensiv Feuchtigkeit und beruhigt die Haut. Die hervorragenden pflegenden Eigenschaften sch\u00fctzen die F\u00fc\u00dfe bei regelm\u00e4\u00dfiger Anwendung nachhaltig vor Austrocknung und Verhornung.<\/p>\n","protected":false},"excerpt":{"rendered":"<p>Lasepton Fuss-Creme 75 ml l\u00f6st sanft \u00fcberm\u00e4\u00dfige Hornhaut, spendet intensiv Feuchtigkeit und beruhigt die Haut. Die hervorragenden pflegenden Eigenschaften sch\u00fctzen die F\u00fc\u00dfe bei regelm\u00e4\u00dfiger Anwendung nachhaltig vor Austrocknung und Verhornung.<\/p>\n","protected":false},"featured_media":25719,"template":"","meta":{"_acf_changed":false},"product_brand":[740],"product_cat":[795],"product_tag":[],"class_list":{"0":"post-25717","1":"product","2":"type-product","3":"status-publish","4":"has-post-thumbnail","6":"product_brand-lasepton","7":"product_cat-l","8":"pa_packungsgroesse-75ml","10":"first","11":"instock","12":"shipping-taxable","13":"purchasable","14":"product-type-simple"},"acf":[],"_links":{"self":[{"href":"https:\/\/www.ernstbrunn-apotheke.at\/katalog\/wp-json\/wp\/v2\/product\/25717","targetHints":{"allow":["GET"]}}],"collection":[{"href":"https:\/\/www.ernstbrunn-apotheke.at\/katalog\/wp-json\/wp\/v2\/product"}],"about":[{"href":"https:\/\/www.ernstbrunn-apotheke.at\/katalog\/wp-json\/wp\/v2\/types\/product"}],"wp:featuredmedia":[{"embeddable":true,"href":"https:\/\/www.ernstbrunn-apotheke.at\/katalog\/wp-json\/wp\/v2\/media\/25719"}],"wp:attachment":[{"href":"https:\/\/www.ernstbrunn-apotheke.at\/katalog\/wp-json\/wp\/v2\/media?parent=25717"}],"wp:term":[{"taxonomy":"product_brand","embeddable":true,"href":"https:\/\/www.ernstbrunn-apotheke.at\/katalog\/wp-json\/wp\/v2\/product_brand?post=25717"},{"taxonomy":"product_cat","embeddable":true,"href":"https:\/\/www.ernstbrunn-apotheke.at\/katalog\/wp-json\/wp\/v2\/product_cat?post=25717"},{"taxonomy":"product_tag","embeddable":true,"href":"https:\/\/www.ernstbrunn-apotheke.at\/katalog\/wp-json\/wp\/v2\/product_tag?post=25717"}],"curies":[{"name":"wp","href":"https:\/\/api.w.org\/{rel}","templated":true}]}}