{"id":25644,"date":"2025-11-07T23:17:41","date_gmt":"2025-11-07T22:17:41","guid":{"rendered":"https:\/\/www.ernstbrunn-apotheke.at\/katalog\/produkt\/vichy-idealia-body-handcreme-aktion\/"},"modified":"2025-12-08T14:47:28","modified_gmt":"2025-12-08T13:47:28","slug":"vichy-idealia-body-handcreme-aktion","status":"publish","type":"product","link":"https:\/\/www.ernstbrunn-apotheke.at\/katalog\/produkt\/vichy-idealia-body-handcreme-aktion\/","title":{"rendered":"Vichy IDEALIA BODY Handcreme Aktion"},"content":{"rendered":"<p>Erstmals verbindet Vichy den Wirkstoff LHA mit 10 fundamentalen \u00d6len, Vitamin C und Lichtschutz SPF 15, um Frauen zur idealen Qualit\u00e4t der Haut ihrer H\u00e4nde zu verhelfen: mit Aufbau- und Jugendlichkeits-Effekt, Vorbeugung von Pigmentflecken und wertvoller Nagelpflege. F\u00fcr normale bis trockene Haut.<\/p>\n","protected":false},"excerpt":{"rendered":"<p>Erstmals verbindet Vichy den Wirkstoff LHA mit 10 fundamentalen \u00d6len, Vitamin C und Lichtschutz SPF 15, um Frauen zur idealen Qualit\u00e4t der Haut ihrer H\u00e4nde zu verhelfen: mit Aufbau- und Jugendlichkeits-Effekt, Vorbeugung von Pigmentflecken und wertvoller Nagelpflege. F\u00fcr normale bis trockene Haut.<\/p>\n","protected":false},"featured_media":25646,"template":"","meta":{"_acf_changed":false},"product_brand":[675],"product_cat":[799],"product_tag":[],"class_list":{"0":"post-25644","1":"product","2":"type-product","3":"status-publish","4":"has-post-thumbnail","6":"product_brand-vichy","7":"product_cat-v","8":"pa_packungsgroesse-40ml","10":"first","11":"instock","12":"shipping-taxable","13":"purchasable","14":"product-type-simple"},"acf":[],"_links":{"self":[{"href":"https:\/\/www.ernstbrunn-apotheke.at\/katalog\/wp-json\/wp\/v2\/product\/25644","targetHints":{"allow":["GET"]}}],"collection":[{"href":"https:\/\/www.ernstbrunn-apotheke.at\/katalog\/wp-json\/wp\/v2\/product"}],"about":[{"href":"https:\/\/www.ernstbrunn-apotheke.at\/katalog\/wp-json\/wp\/v2\/types\/product"}],"wp:featuredmedia":[{"embeddable":true,"href":"https:\/\/www.ernstbrunn-apotheke.at\/katalog\/wp-json\/wp\/v2\/media\/25646"}],"wp:attachment":[{"href":"https:\/\/www.ernstbrunn-apotheke.at\/katalog\/wp-json\/wp\/v2\/media?parent=25644"}],"wp:term":[{"taxonomy":"product_brand","embeddable":true,"href":"https:\/\/www.ernstbrunn-apotheke.at\/katalog\/wp-json\/wp\/v2\/product_brand?post=25644"},{"taxonomy":"product_cat","embeddable":true,"href":"https:\/\/www.ernstbrunn-apotheke.at\/katalog\/wp-json\/wp\/v2\/product_cat?post=25644"},{"taxonomy":"product_tag","embeddable":true,"href":"https:\/\/www.ernstbrunn-apotheke.at\/katalog\/wp-json\/wp\/v2\/product_tag?post=25644"}],"curies":[{"name":"wp","href":"https:\/\/api.w.org\/{rel}","templated":true}]}}