{"id":25462,"date":"2025-11-07T23:15:04","date_gmt":"2025-11-07T22:15:04","guid":{"rendered":"https:\/\/www.ernstbrunn-apotheke.at\/katalog\/produkt\/phyto-phytomillesime-waschcreme-75-ml\/"},"modified":"2025-12-08T14:46:43","modified_gmt":"2025-12-08T13:46:43","slug":"phyto-phytomillesime-waschcreme-75-ml","status":"publish","type":"product","link":"https:\/\/www.ernstbrunn-apotheke.at\/katalog\/produkt\/phyto-phytomillesime-waschcreme-75-ml\/","title":{"rendered":"Phyto Phytomillesime Waschcreme 75 ml"},"content":{"rendered":"<p>Phyto Phytomillesime Waschcreme ist eine Waschcreme f\u00fcr das Haar und enth\u00e4lt wertvolle Extrakte aus dem Apfel Redlove sowie Seifenkraut. Sie ist die ideale Erg\u00e4nzung f\u00fcr die t\u00e4gliche Haarpflege und kann daf\u00fcr sorgen, dass Farben weniger verblassen und ihre Leuchtkraft erhalten bleibt. Eine nicht-sch\u00e4umende Formel f\u00fcr eine ultra-sanfte Reinigung mit einer extra Dosis Pflege. Beruhigt und verleiht Geschmeidigkeit. Sch\u00fctzt die Farbe und verl\u00e4ngert ihren Halt.<\/p>\n","protected":false},"excerpt":{"rendered":"<p>Phyto Phytomillesime Waschcreme ist eine Waschcreme f\u00fcr das Haar und enth\u00e4lt wertvolle Extrakte aus dem Apfel Redlove sowie Seifenkraut. Sie ist die ideale Erg\u00e4nzung f\u00fcr die t\u00e4gliche Haarpflege und kann daf\u00fcr sorgen, dass Farben weniger verblassen und ihre Leuchtkraft erhalten bleibt. Eine nicht-sch\u00e4umende Formel f\u00fcr eine ultra-sanfte Reinigung mit einer extra Dosis Pflege. Beruhigt und [&hellip;]<\/p>\n","protected":false},"featured_media":25464,"template":"","meta":{"_acf_changed":false},"product_brand":[],"product_cat":[793],"product_tag":[],"class_list":{"0":"post-25462","1":"product","2":"type-product","3":"status-publish","4":"has-post-thumbnail","6":"product_cat-p","7":"pa_packungsgroesse-75ml","9":"first","10":"instock","11":"shipping-taxable","12":"purchasable","13":"product-type-simple"},"acf":[],"_links":{"self":[{"href":"https:\/\/www.ernstbrunn-apotheke.at\/katalog\/wp-json\/wp\/v2\/product\/25462","targetHints":{"allow":["GET"]}}],"collection":[{"href":"https:\/\/www.ernstbrunn-apotheke.at\/katalog\/wp-json\/wp\/v2\/product"}],"about":[{"href":"https:\/\/www.ernstbrunn-apotheke.at\/katalog\/wp-json\/wp\/v2\/types\/product"}],"wp:featuredmedia":[{"embeddable":true,"href":"https:\/\/www.ernstbrunn-apotheke.at\/katalog\/wp-json\/wp\/v2\/media\/25464"}],"wp:attachment":[{"href":"https:\/\/www.ernstbrunn-apotheke.at\/katalog\/wp-json\/wp\/v2\/media?parent=25462"}],"wp:term":[{"taxonomy":"product_brand","embeddable":true,"href":"https:\/\/www.ernstbrunn-apotheke.at\/katalog\/wp-json\/wp\/v2\/product_brand?post=25462"},{"taxonomy":"product_cat","embeddable":true,"href":"https:\/\/www.ernstbrunn-apotheke.at\/katalog\/wp-json\/wp\/v2\/product_cat?post=25462"},{"taxonomy":"product_tag","embeddable":true,"href":"https:\/\/www.ernstbrunn-apotheke.at\/katalog\/wp-json\/wp\/v2\/product_tag?post=25462"}],"curies":[{"name":"wp","href":"https:\/\/api.w.org\/{rel}","templated":true}]}}