{"id":25274,"date":"2025-11-07T23:11:51","date_gmt":"2025-11-07T22:11:51","guid":{"rendered":"https:\/\/www.ernstbrunn-apotheke.at\/katalog\/produkt\/plantur-39-struktur-pflege-30-ml\/"},"modified":"2025-12-08T14:45:33","modified_gmt":"2025-12-08T13:45:33","slug":"plantur-39-struktur-pflege-30-ml","status":"publish","type":"product","link":"https:\/\/www.ernstbrunn-apotheke.at\/katalog\/produkt\/plantur-39-struktur-pflege-30-ml\/","title":{"rendered":"Plantur 39 Struktur Pflege 30 ml"},"content":{"rendered":"<p>Plantur 39 Struktur-Pflege versorgt das Haar mit Aufbau stoffen aus einem Provitamin B5-Hydropolymer-Komplex f\u00fcr bessere Frisierbarkeit und Widerstandskraft der Haare.Speziell geeignet zur Haarpflege bei d\u00fcnnem und br\u00fcchigem Haar. Nach der Haarw\u00e4sche ein bis zwei Spenderh\u00fcbe (je nach Haarl\u00e4nge) gleichm\u00e4\u00dfig mit den Fingern in das handtuchtrockene Haar kneten.Nicht aussp\u00fclen!Wirkstoffe:Aqua, Cyclomethicone, Phenyl Trimethicone, Cetearyl Alcohol, Propylene Glycol, PVP, Glycerin, Glyceryl Stearate, PEG-100 Stearate, Panthenol, Phenoxyethanol, Parfum, Hydrolyzed Wheat Protein, Camellia Sinensis Extract, Xanthan Gum, Methylparaben, Caffeine, Hexyl Cinnamal, Zinc PCA, Niacinamide, Lactic Acid, Limonene, Butylparaben, Ethylparaben, Linalool, Propylparaben, Isobutylparaben, Citronellol, Sodium Benzoate, Alpha-Isomethyl Ionone, Geraniol, BHT, Citral.<\/p>\n","protected":false},"excerpt":{"rendered":"<p>Plantur 39 Struktur-Pflege versorgt das Haar mit Aufbau stoffen aus einem Provitamin B5-Hydropolymer-Komplex f\u00fcr bessere Frisierbarkeit und Widerstandskraft der Haare.Speziell geeignet zur Haarpflege bei d\u00fcnnem und br\u00fcchigem Haar. Nach der Haarw\u00e4sche ein bis zwei Spenderh\u00fcbe (je nach Haarl\u00e4nge) gleichm\u00e4\u00dfig mit den Fingern in das handtuchtrockene Haar kneten.Nicht aussp\u00fclen!Wirkstoffe:Aqua, Cyclomethicone, Phenyl Trimethicone, Cetearyl Alcohol, Propylene Glycol, [&hellip;]<\/p>\n","protected":false},"featured_media":25276,"template":"","meta":{"_acf_changed":false},"product_brand":[643],"product_cat":[793],"product_tag":[],"class_list":{"0":"post-25274","1":"product","2":"type-product","3":"status-publish","4":"has-post-thumbnail","6":"product_brand-plantur","7":"product_cat-p","8":"pa_packungsgroesse-30ml","10":"first","11":"instock","12":"shipping-taxable","13":"purchasable","14":"product-type-simple"},"acf":[],"_links":{"self":[{"href":"https:\/\/www.ernstbrunn-apotheke.at\/katalog\/wp-json\/wp\/v2\/product\/25274","targetHints":{"allow":["GET"]}}],"collection":[{"href":"https:\/\/www.ernstbrunn-apotheke.at\/katalog\/wp-json\/wp\/v2\/product"}],"about":[{"href":"https:\/\/www.ernstbrunn-apotheke.at\/katalog\/wp-json\/wp\/v2\/types\/product"}],"wp:featuredmedia":[{"embeddable":true,"href":"https:\/\/www.ernstbrunn-apotheke.at\/katalog\/wp-json\/wp\/v2\/media\/25276"}],"wp:attachment":[{"href":"https:\/\/www.ernstbrunn-apotheke.at\/katalog\/wp-json\/wp\/v2\/media?parent=25274"}],"wp:term":[{"taxonomy":"product_brand","embeddable":true,"href":"https:\/\/www.ernstbrunn-apotheke.at\/katalog\/wp-json\/wp\/v2\/product_brand?post=25274"},{"taxonomy":"product_cat","embeddable":true,"href":"https:\/\/www.ernstbrunn-apotheke.at\/katalog\/wp-json\/wp\/v2\/product_cat?post=25274"},{"taxonomy":"product_tag","embeddable":true,"href":"https:\/\/www.ernstbrunn-apotheke.at\/katalog\/wp-json\/wp\/v2\/product_tag?post=25274"}],"curies":[{"name":"wp","href":"https:\/\/api.w.org\/{rel}","templated":true}]}}