{"id":25171,"date":"2025-11-07T23:10:29","date_gmt":"2025-11-07T22:10:29","guid":{"rendered":"https:\/\/www.ernstbrunn-apotheke.at\/katalog\/produkt\/weleda-belebendes-haar-tonikum-100-ml\/"},"modified":"2025-12-08T14:44:44","modified_gmt":"2025-12-08T13:44:44","slug":"weleda-belebendes-haar-tonikum-100-ml","status":"publish","type":"product","link":"https:\/\/www.ernstbrunn-apotheke.at\/katalog\/produkt\/weleda-belebendes-haar-tonikum-100-ml\/","title":{"rendered":"Weleda Belebendes Haar-Tonikum 100 ml"},"content":{"rendered":"<p>Weleda Belebendes Haar-Tonikum mit Rosmarin\u00f6l und wertvollen Extrakten aus Mauerpfeffer und Meerrettichbl\u00e4ttern verbessert die N\u00e4hrstoffversorgung der Haarwurzel, reduziert Haarausfall und f\u00f6rdert das nat\u00fcrliche Haarwachstum. Es kr\u00e4ftigt das Haar und bewahrt eine gesunde Kopfhaut. Der frische Duft des Rosmarins verleiht dem Tonikum eine besondere Note.<\/p>\n","protected":false},"excerpt":{"rendered":"<p>Weleda Belebendes Haar-Tonikum mit Rosmarin\u00f6l und wertvollen Extrakten aus Mauerpfeffer und Meerrettichbl\u00e4ttern verbessert die N\u00e4hrstoffversorgung der Haarwurzel, reduziert Haarausfall und f\u00f6rdert das nat\u00fcrliche Haarwachstum. Es kr\u00e4ftigt das Haar und bewahrt eine gesunde Kopfhaut. Der frische Duft des Rosmarins verleiht dem Tonikum eine besondere Note.<\/p>\n","protected":false},"featured_media":25173,"template":"","meta":{"_acf_changed":false},"product_brand":[567],"product_cat":[796],"product_tag":[],"class_list":{"0":"post-25171","1":"product","2":"type-product","3":"status-publish","4":"has-post-thumbnail","6":"product_brand-weleda","7":"product_cat-w","8":"pa_packungsgroesse-100ml","10":"first","11":"instock","12":"shipping-taxable","13":"purchasable","14":"product-type-simple"},"acf":[],"_links":{"self":[{"href":"https:\/\/www.ernstbrunn-apotheke.at\/katalog\/wp-json\/wp\/v2\/product\/25171","targetHints":{"allow":["GET"]}}],"collection":[{"href":"https:\/\/www.ernstbrunn-apotheke.at\/katalog\/wp-json\/wp\/v2\/product"}],"about":[{"href":"https:\/\/www.ernstbrunn-apotheke.at\/katalog\/wp-json\/wp\/v2\/types\/product"}],"wp:featuredmedia":[{"embeddable":true,"href":"https:\/\/www.ernstbrunn-apotheke.at\/katalog\/wp-json\/wp\/v2\/media\/25173"}],"wp:attachment":[{"href":"https:\/\/www.ernstbrunn-apotheke.at\/katalog\/wp-json\/wp\/v2\/media?parent=25171"}],"wp:term":[{"taxonomy":"product_brand","embeddable":true,"href":"https:\/\/www.ernstbrunn-apotheke.at\/katalog\/wp-json\/wp\/v2\/product_brand?post=25171"},{"taxonomy":"product_cat","embeddable":true,"href":"https:\/\/www.ernstbrunn-apotheke.at\/katalog\/wp-json\/wp\/v2\/product_cat?post=25171"},{"taxonomy":"product_tag","embeddable":true,"href":"https:\/\/www.ernstbrunn-apotheke.at\/katalog\/wp-json\/wp\/v2\/product_tag?post=25171"}],"curies":[{"name":"wp","href":"https:\/\/api.w.org\/{rel}","templated":true}]}}