{"id":24621,"date":"2025-11-07T23:01:57","date_gmt":"2025-11-07T22:01:57","guid":{"rendered":"https:\/\/www.ernstbrunn-apotheke.at\/katalog\/produkt\/la-roche-posay-kerium-ds-anti-schuppen-intensiv-shampoo-kur-125-ml\/"},"modified":"2025-12-08T14:42:02","modified_gmt":"2025-12-08T13:42:02","slug":"la-roche-posay-kerium-ds-anti-schuppen-intensiv-shampoo-kur-125-ml","status":"publish","type":"product","link":"https:\/\/www.ernstbrunn-apotheke.at\/katalog\/produkt\/la-roche-posay-kerium-ds-anti-schuppen-intensiv-shampoo-kur-125-ml\/","title":{"rendered":"La Roche-Posay Kerium DS Anti-Schuppen Intensiv Shampoo-Kur 125 ml"},"content":{"rendered":"<p>La Roche-Posay Shampoo Kerium Haut Schuppen eignet sich f\u00fcr normales und br\u00fcchiges Haar und bei empfindlicher Kopfhaut. Die Pflege mit Thermalwasser dient zum Schutz der Kopfhaut. Es enth\u00e4lt hautberuhigendes Thermalwasser aus La Roche-Posay, ein aktiver Inhaltsstoff, der die empfindliche und juckende Kopfhaut beruhigt. Zudem wirkt es besonders schonend auf Haar und Kopfhaut.<\/p>\n","protected":false},"excerpt":{"rendered":"<p>La Roche-Posay Shampoo Kerium Haut Schuppen eignet sich f\u00fcr normales und br\u00fcchiges Haar und bei empfindlicher Kopfhaut. Die Pflege mit Thermalwasser dient zum Schutz der Kopfhaut. Es enth\u00e4lt hautberuhigendes Thermalwasser aus La Roche-Posay, ein aktiver Inhaltsstoff, der die empfindliche und juckende Kopfhaut beruhigt. Zudem wirkt es besonders schonend auf Haar und Kopfhaut.<\/p>\n","protected":false},"featured_media":24623,"template":"","meta":{"_acf_changed":false},"product_brand":[677],"product_cat":[795],"product_tag":[],"class_list":{"0":"post-24621","1":"product","2":"type-product","3":"status-publish","4":"has-post-thumbnail","6":"product_brand-la-roche-posay","7":"product_cat-l","8":"pa_packungsgroesse-125ml","10":"first","11":"instock","12":"shipping-taxable","13":"purchasable","14":"product-type-simple"},"acf":[],"_links":{"self":[{"href":"https:\/\/www.ernstbrunn-apotheke.at\/katalog\/wp-json\/wp\/v2\/product\/24621","targetHints":{"allow":["GET"]}}],"collection":[{"href":"https:\/\/www.ernstbrunn-apotheke.at\/katalog\/wp-json\/wp\/v2\/product"}],"about":[{"href":"https:\/\/www.ernstbrunn-apotheke.at\/katalog\/wp-json\/wp\/v2\/types\/product"}],"wp:featuredmedia":[{"embeddable":true,"href":"https:\/\/www.ernstbrunn-apotheke.at\/katalog\/wp-json\/wp\/v2\/media\/24623"}],"wp:attachment":[{"href":"https:\/\/www.ernstbrunn-apotheke.at\/katalog\/wp-json\/wp\/v2\/media?parent=24621"}],"wp:term":[{"taxonomy":"product_brand","embeddable":true,"href":"https:\/\/www.ernstbrunn-apotheke.at\/katalog\/wp-json\/wp\/v2\/product_brand?post=24621"},{"taxonomy":"product_cat","embeddable":true,"href":"https:\/\/www.ernstbrunn-apotheke.at\/katalog\/wp-json\/wp\/v2\/product_cat?post=24621"},{"taxonomy":"product_tag","embeddable":true,"href":"https:\/\/www.ernstbrunn-apotheke.at\/katalog\/wp-json\/wp\/v2\/product_tag?post=24621"}],"curies":[{"name":"wp","href":"https:\/\/api.w.org\/{rel}","templated":true}]}}