{"id":24383,"date":"2025-11-07T22:58:02","date_gmt":"2025-11-07T21:58:02","guid":{"rendered":"https:\/\/www.ernstbrunn-apotheke.at\/katalog\/produkt\/celyoung-age-less-30-ml-serum\/"},"modified":"2025-12-08T14:40:38","modified_gmt":"2025-12-08T13:40:38","slug":"celyoung-age-less-30-ml-serum","status":"publish","type":"product","link":"https:\/\/www.ernstbrunn-apotheke.at\/katalog\/produkt\/celyoung-age-less-30-ml-serum\/","title":{"rendered":"Celyoung Age Less 30 ml Serum"},"content":{"rendered":"<p>Das Celyoung Age Less Serum unterst\u00fctzt die Zellerneuerung und Hautfestigkeit. Die optimale Verj\u00fcngungskur f\u00fcr trockene bis normale Haut.<\/p>\n","protected":false},"excerpt":{"rendered":"<p>Das Celyoung Age Less Serum unterst\u00fctzt die Zellerneuerung und Hautfestigkeit. Die optimale Verj\u00fcngungskur f\u00fcr trockene bis normale Haut.<\/p>\n","protected":false},"featured_media":24385,"template":"","meta":{"_acf_changed":false},"product_brand":[690],"product_cat":[812],"product_tag":[],"class_list":{"0":"post-24383","1":"product","2":"type-product","3":"status-publish","4":"has-post-thumbnail","6":"product_brand-celyoung","7":"product_cat-c","8":"pa_packungsgroesse-30ml","10":"first","11":"instock","12":"shipping-taxable","13":"purchasable","14":"product-type-simple"},"acf":[],"_links":{"self":[{"href":"https:\/\/www.ernstbrunn-apotheke.at\/katalog\/wp-json\/wp\/v2\/product\/24383","targetHints":{"allow":["GET"]}}],"collection":[{"href":"https:\/\/www.ernstbrunn-apotheke.at\/katalog\/wp-json\/wp\/v2\/product"}],"about":[{"href":"https:\/\/www.ernstbrunn-apotheke.at\/katalog\/wp-json\/wp\/v2\/types\/product"}],"wp:featuredmedia":[{"embeddable":true,"href":"https:\/\/www.ernstbrunn-apotheke.at\/katalog\/wp-json\/wp\/v2\/media\/24385"}],"wp:attachment":[{"href":"https:\/\/www.ernstbrunn-apotheke.at\/katalog\/wp-json\/wp\/v2\/media?parent=24383"}],"wp:term":[{"taxonomy":"product_brand","embeddable":true,"href":"https:\/\/www.ernstbrunn-apotheke.at\/katalog\/wp-json\/wp\/v2\/product_brand?post=24383"},{"taxonomy":"product_cat","embeddable":true,"href":"https:\/\/www.ernstbrunn-apotheke.at\/katalog\/wp-json\/wp\/v2\/product_cat?post=24383"},{"taxonomy":"product_tag","embeddable":true,"href":"https:\/\/www.ernstbrunn-apotheke.at\/katalog\/wp-json\/wp\/v2\/product_tag?post=24383"}],"curies":[{"name":"wp","href":"https:\/\/api.w.org\/{rel}","templated":true}]}}