{"id":24325,"date":"2025-11-07T22:56:53","date_gmt":"2025-11-07T21:56:53","guid":{"rendered":"https:\/\/www.ernstbrunn-apotheke.at\/katalog\/produkt\/master-lin-gold-face-creme-ginseng-60-ml\/"},"modified":"2025-12-08T14:40:14","modified_gmt":"2025-12-08T13:40:14","slug":"master-lin-gold-face-creme-ginseng-60-ml","status":"publish","type":"product","link":"https:\/\/www.ernstbrunn-apotheke.at\/katalog\/produkt\/master-lin-gold-face-creme-ginseng-60-ml\/","title":{"rendered":"Master Lin Gold Face Creme + Ginseng 60 ml"},"content":{"rendered":"<p>Master Lin Gold Face Creme + Ginseng ist eine intensiv n\u00e4hrende sowie feuchtigkeitsspendende Creme f\u00fcr zu Trockenheit neigender Haut, welche sp\u00fcrbar ausgleichend, befeuchtend und aktivierend wirkt. Der einzigartige Mix aus edlen \u00e4therischen \u00d6len, feuchtigkeitsbewahrenden Essenzen und sch\u00fctzenden Extrakten vermittelt der Haut Geborgenheit. Nat\u00fcrliche Durstl\u00f6scher wie Aloe Vera, pflanzliches Glycerin und Rosenwasser sorgen f\u00fcr entspannte Hautwahrnehmung.<\/p>\n","protected":false},"excerpt":{"rendered":"<p>Master Lin Gold Face Creme + Ginseng ist eine intensiv n\u00e4hrende sowie feuchtigkeitsspendende Creme f\u00fcr zu Trockenheit neigender Haut, welche sp\u00fcrbar ausgleichend, befeuchtend und aktivierend wirkt. Der einzigartige Mix aus edlen \u00e4therischen \u00d6len, feuchtigkeitsbewahrenden Essenzen und sch\u00fctzenden Extrakten vermittelt der Haut Geborgenheit. Nat\u00fcrliche Durstl\u00f6scher wie Aloe Vera, pflanzliches Glycerin und Rosenwasser sorgen f\u00fcr entspannte Hautwahrnehmung.<\/p>\n","protected":false},"featured_media":24327,"template":"","meta":{"_acf_changed":false},"product_brand":[],"product_cat":[800],"product_tag":[],"class_list":{"0":"post-24325","1":"product","2":"type-product","3":"status-publish","4":"has-post-thumbnail","6":"product_cat-m","7":"pa_packungsgroesse-60ml","9":"first","10":"instock","11":"shipping-taxable","12":"purchasable","13":"product-type-simple"},"acf":[],"_links":{"self":[{"href":"https:\/\/www.ernstbrunn-apotheke.at\/katalog\/wp-json\/wp\/v2\/product\/24325","targetHints":{"allow":["GET"]}}],"collection":[{"href":"https:\/\/www.ernstbrunn-apotheke.at\/katalog\/wp-json\/wp\/v2\/product"}],"about":[{"href":"https:\/\/www.ernstbrunn-apotheke.at\/katalog\/wp-json\/wp\/v2\/types\/product"}],"wp:featuredmedia":[{"embeddable":true,"href":"https:\/\/www.ernstbrunn-apotheke.at\/katalog\/wp-json\/wp\/v2\/media\/24327"}],"wp:attachment":[{"href":"https:\/\/www.ernstbrunn-apotheke.at\/katalog\/wp-json\/wp\/v2\/media?parent=24325"}],"wp:term":[{"taxonomy":"product_brand","embeddable":true,"href":"https:\/\/www.ernstbrunn-apotheke.at\/katalog\/wp-json\/wp\/v2\/product_brand?post=24325"},{"taxonomy":"product_cat","embeddable":true,"href":"https:\/\/www.ernstbrunn-apotheke.at\/katalog\/wp-json\/wp\/v2\/product_cat?post=24325"},{"taxonomy":"product_tag","embeddable":true,"href":"https:\/\/www.ernstbrunn-apotheke.at\/katalog\/wp-json\/wp\/v2\/product_tag?post=24325"}],"curies":[{"name":"wp","href":"https:\/\/api.w.org\/{rel}","templated":true}]}}