{"id":23536,"date":"2025-11-07T22:38:54","date_gmt":"2025-11-07T21:38:54","guid":{"rendered":"https:\/\/www.ernstbrunn-apotheke.at\/katalog\/produkt\/bioderma-sebium-gel-moussant-500-ml\/"},"modified":"2025-12-08T14:35:16","modified_gmt":"2025-12-08T13:35:16","slug":"bioderma-sebium-gel-moussant-500-ml","status":"publish","type":"product","link":"https:\/\/www.ernstbrunn-apotheke.at\/katalog\/produkt\/bioderma-sebium-gel-moussant-500-ml\/","title":{"rendered":"Bioderma S\u00e9bium Gel Moussant 500 ml"},"content":{"rendered":"<p>Bioderma S\u00e9bium Gel Moussant 500 ml ist ein kl\u00e4rendes Reinigungsgel bei ausgepr\u00e4gter Mischhaut, \u00f6liger Haut und bei Akne. Das milde Reinigungsgel lindert Entz\u00fcndungen und Hautunreinheiten. Reguliert den Talgfluss. Kann auch zur Nassrasur eingesetzt werden. F\u00fcr Gesicht und K\u00f6rper geeignet. Seifenfrei. Leichter, frischer Duft. Ohne Parabene<\/p>\n","protected":false},"excerpt":{"rendered":"<p>Bioderma S\u00e9bium Gel Moussant 500 ml ist ein kl\u00e4rendes Reinigungsgel bei ausgepr\u00e4gter Mischhaut, \u00f6liger Haut und bei Akne. Das milde Reinigungsgel lindert Entz\u00fcndungen und Hautunreinheiten. Reguliert den Talgfluss. Kann auch zur Nassrasur eingesetzt werden. F\u00fcr Gesicht und K\u00f6rper geeignet. Seifenfrei. Leichter, frischer Duft. Ohne Parabene<\/p>\n","protected":false},"featured_media":23538,"template":"","meta":{"_acf_changed":false},"product_brand":[657],"product_cat":[802],"product_tag":[],"class_list":{"0":"post-23536","1":"product","2":"type-product","3":"status-publish","4":"has-post-thumbnail","6":"product_brand-bioderma","7":"product_cat-b","8":"pa_packungsgroesse-500ml","10":"first","11":"instock","12":"shipping-taxable","13":"purchasable","14":"product-type-simple"},"acf":[],"_links":{"self":[{"href":"https:\/\/www.ernstbrunn-apotheke.at\/katalog\/wp-json\/wp\/v2\/product\/23536","targetHints":{"allow":["GET"]}}],"collection":[{"href":"https:\/\/www.ernstbrunn-apotheke.at\/katalog\/wp-json\/wp\/v2\/product"}],"about":[{"href":"https:\/\/www.ernstbrunn-apotheke.at\/katalog\/wp-json\/wp\/v2\/types\/product"}],"wp:featuredmedia":[{"embeddable":true,"href":"https:\/\/www.ernstbrunn-apotheke.at\/katalog\/wp-json\/wp\/v2\/media\/23538"}],"wp:attachment":[{"href":"https:\/\/www.ernstbrunn-apotheke.at\/katalog\/wp-json\/wp\/v2\/media?parent=23536"}],"wp:term":[{"taxonomy":"product_brand","embeddable":true,"href":"https:\/\/www.ernstbrunn-apotheke.at\/katalog\/wp-json\/wp\/v2\/product_brand?post=23536"},{"taxonomy":"product_cat","embeddable":true,"href":"https:\/\/www.ernstbrunn-apotheke.at\/katalog\/wp-json\/wp\/v2\/product_cat?post=23536"},{"taxonomy":"product_tag","embeddable":true,"href":"https:\/\/www.ernstbrunn-apotheke.at\/katalog\/wp-json\/wp\/v2\/product_tag?post=23536"}],"curies":[{"name":"wp","href":"https:\/\/api.w.org\/{rel}","templated":true}]}}