{"id":23334,"date":"2025-11-07T22:35:36","date_gmt":"2025-11-07T21:35:36","guid":{"rendered":"https:\/\/www.ernstbrunn-apotheke.at\/katalog\/produkt\/lierac-dioptiride-auffuellende-creme-zur-faltenkorrektur-15-ml\/"},"modified":"2025-12-08T14:34:02","modified_gmt":"2025-12-08T13:34:02","slug":"lierac-dioptiride-auffuellende-creme-zur-faltenkorrektur-15-ml","status":"publish","type":"product","link":"https:\/\/www.ernstbrunn-apotheke.at\/katalog\/produkt\/lierac-dioptiride-auffuellende-creme-zur-faltenkorrektur-15-ml\/","title":{"rendered":"Lierac Dioptiride auff\u00fcllende Creme zur Faltenkorrektur 15 ml"},"content":{"rendered":"<p>Lierac Dioptiride auff\u00fcllende Creme zur Faltenkorrektur 15 ml ist eine Intensivbehandlung gegen Falten mit Peptiden gegen blaues Licht und bek\u00e4mpft drei Arten von Falten: Trockenheitsf\u00e4ltchen, Mimikf\u00e4ltchen und tiefe Falten. Die reichhaltige Creme hat eine sofort auff\u00fcllende Wirkung.<\/p>\n","protected":false},"excerpt":{"rendered":"<p>Lierac Dioptiride auff\u00fcllende Creme zur Faltenkorrektur 15 ml ist eine Intensivbehandlung gegen Falten mit Peptiden gegen blaues Licht und bek\u00e4mpft drei Arten von Falten: Trockenheitsf\u00e4ltchen, Mimikf\u00e4ltchen und tiefe Falten. Die reichhaltige Creme hat eine sofort auff\u00fcllende Wirkung.<\/p>\n","protected":false},"featured_media":23336,"template":"","meta":{"_acf_changed":false},"product_brand":[709],"product_cat":[795],"product_tag":[],"class_list":{"0":"post-23334","1":"product","2":"type-product","3":"status-publish","4":"has-post-thumbnail","6":"product_brand-lierac","7":"product_cat-l","8":"pa_packungsgroesse-15ml","10":"first","11":"instock","12":"shipping-taxable","13":"purchasable","14":"product-type-simple"},"acf":[],"_links":{"self":[{"href":"https:\/\/www.ernstbrunn-apotheke.at\/katalog\/wp-json\/wp\/v2\/product\/23334","targetHints":{"allow":["GET"]}}],"collection":[{"href":"https:\/\/www.ernstbrunn-apotheke.at\/katalog\/wp-json\/wp\/v2\/product"}],"about":[{"href":"https:\/\/www.ernstbrunn-apotheke.at\/katalog\/wp-json\/wp\/v2\/types\/product"}],"wp:featuredmedia":[{"embeddable":true,"href":"https:\/\/www.ernstbrunn-apotheke.at\/katalog\/wp-json\/wp\/v2\/media\/23336"}],"wp:attachment":[{"href":"https:\/\/www.ernstbrunn-apotheke.at\/katalog\/wp-json\/wp\/v2\/media?parent=23334"}],"wp:term":[{"taxonomy":"product_brand","embeddable":true,"href":"https:\/\/www.ernstbrunn-apotheke.at\/katalog\/wp-json\/wp\/v2\/product_brand?post=23334"},{"taxonomy":"product_cat","embeddable":true,"href":"https:\/\/www.ernstbrunn-apotheke.at\/katalog\/wp-json\/wp\/v2\/product_cat?post=23334"},{"taxonomy":"product_tag","embeddable":true,"href":"https:\/\/www.ernstbrunn-apotheke.at\/katalog\/wp-json\/wp\/v2\/product_tag?post=23334"}],"curies":[{"name":"wp","href":"https:\/\/api.w.org\/{rel}","templated":true}]}}