{"id":23172,"date":"2025-11-07T22:32:45","date_gmt":"2025-11-07T21:32:45","guid":{"rendered":"https:\/\/www.ernstbrunn-apotheke.at\/katalog\/produkt\/medipharma-cosmetics-haut-in-balance-olivenoel-dermatologische-gesichtspflege-50-ml\/"},"modified":"2025-12-08T14:32:47","modified_gmt":"2025-12-08T13:32:47","slug":"medipharma-cosmetics-haut-in-balance-olivenoel-dermatologische-gesichtspflege-50-ml","status":"publish","type":"product","link":"https:\/\/www.ernstbrunn-apotheke.at\/katalog\/produkt\/medipharma-cosmetics-haut-in-balance-olivenoel-dermatologische-gesichtspflege-50-ml\/","title":{"rendered":"Medipharma Cosmetics Haut in Balance Oliven\u00f6l Dermatologische Gesichtspflege 50 ml"},"content":{"rendered":"<p>Medipharma Cosmetics Haut in Balance Oliven\u00f6l Dermatologische Gesichtspflege ist frei von Farbstoffen, Silikon\u00f6len, Paraffin\u00f6len, Wollwachsen, Parabenen und Parf\u00fcm. Die einzigartige Wirkstoffkombination aus Oliven\u00f6l, Urea und Silber versorgt sehr trockene, gereizte und schuppige Haut intensiv mit hautpflegenden Lipiden und Feuchtigkeit.<\/p>\n","protected":false},"excerpt":{"rendered":"<p>Medipharma Cosmetics Haut in Balance Oliven\u00f6l Dermatologische Gesichtspflege ist frei von Farbstoffen, Silikon\u00f6len, Paraffin\u00f6len, Wollwachsen, Parabenen und Parf\u00fcm. Die einzigartige Wirkstoffkombination aus Oliven\u00f6l, Urea und Silber versorgt sehr trockene, gereizte und schuppige Haut intensiv mit hautpflegenden Lipiden und Feuchtigkeit.<\/p>\n","protected":false},"featured_media":23174,"template":"","meta":{"_acf_changed":false},"product_brand":[685],"product_cat":[800],"product_tag":[],"class_list":{"0":"post-23172","1":"product","2":"type-product","3":"status-publish","4":"has-post-thumbnail","6":"product_brand-olivenoel-theiss","7":"product_cat-m","8":"pa_packungsgroesse-50ml","10":"first","11":"instock","12":"shipping-taxable","13":"purchasable","14":"product-type-simple"},"acf":[],"_links":{"self":[{"href":"https:\/\/www.ernstbrunn-apotheke.at\/katalog\/wp-json\/wp\/v2\/product\/23172","targetHints":{"allow":["GET"]}}],"collection":[{"href":"https:\/\/www.ernstbrunn-apotheke.at\/katalog\/wp-json\/wp\/v2\/product"}],"about":[{"href":"https:\/\/www.ernstbrunn-apotheke.at\/katalog\/wp-json\/wp\/v2\/types\/product"}],"wp:featuredmedia":[{"embeddable":true,"href":"https:\/\/www.ernstbrunn-apotheke.at\/katalog\/wp-json\/wp\/v2\/media\/23174"}],"wp:attachment":[{"href":"https:\/\/www.ernstbrunn-apotheke.at\/katalog\/wp-json\/wp\/v2\/media?parent=23172"}],"wp:term":[{"taxonomy":"product_brand","embeddable":true,"href":"https:\/\/www.ernstbrunn-apotheke.at\/katalog\/wp-json\/wp\/v2\/product_brand?post=23172"},{"taxonomy":"product_cat","embeddable":true,"href":"https:\/\/www.ernstbrunn-apotheke.at\/katalog\/wp-json\/wp\/v2\/product_cat?post=23172"},{"taxonomy":"product_tag","embeddable":true,"href":"https:\/\/www.ernstbrunn-apotheke.at\/katalog\/wp-json\/wp\/v2\/product_tag?post=23172"}],"curies":[{"name":"wp","href":"https:\/\/api.w.org\/{rel}","templated":true}]}}