{"id":22971,"date":"2025-11-07T22:29:14","date_gmt":"2025-11-07T21:29:14","guid":{"rendered":"https:\/\/www.ernstbrunn-apotheke.at\/katalog\/produkt\/couperose-roetungen-aederchen-balsam-30-ml\/"},"modified":"2025-12-08T14:31:21","modified_gmt":"2025-12-08T13:31:21","slug":"couperose-roetungen-aederchen-balsam-30-ml","status":"publish","type":"product","link":"https:\/\/www.ernstbrunn-apotheke.at\/katalog\/produkt\/couperose-roetungen-aederchen-balsam-30-ml\/","title":{"rendered":"Couperose R\u00f6tungen &#038; \u00c4derchen Balsam 30 ml"},"content":{"rendered":"<p>Couperose R\u00f6tungen &#038; \u00c4derchen Balsam ist n\u00e4hrend und st\u00e4rkt Ihre Haut und Blutgef\u00e4\u00dfe. Der Balsam verbessert au\u00dferdem das Hautbild und h\u00e4lt den Feuchtigkeitshaushalt im Gleichgewicht. Die einzigartige Wirkstoffkombination sch\u00fctzt und beruhigt die Haut und l\u00e4sst sie harmonisch, weich und ebenm\u00e4\u00dfig aussehen.<\/p>\n","protected":false},"excerpt":{"rendered":"<p>Couperose R\u00f6tungen &#038; \u00c4derchen Balsam ist n\u00e4hrend und st\u00e4rkt Ihre Haut und Blutgef\u00e4\u00dfe. Der Balsam verbessert au\u00dferdem das Hautbild und h\u00e4lt den Feuchtigkeitshaushalt im Gleichgewicht. Die einzigartige Wirkstoffkombination sch\u00fctzt und beruhigt die Haut und l\u00e4sst sie harmonisch, weich und ebenm\u00e4\u00dfig aussehen.<\/p>\n","protected":false},"featured_media":22973,"template":"","meta":{"_acf_changed":false},"product_brand":[],"product_cat":[812],"product_tag":[],"class_list":{"0":"post-22971","1":"product","2":"type-product","3":"status-publish","4":"has-post-thumbnail","6":"product_cat-c","7":"pa_packungsgroesse-30ml","9":"first","10":"instock","11":"shipping-taxable","12":"purchasable","13":"product-type-simple"},"acf":[],"_links":{"self":[{"href":"https:\/\/www.ernstbrunn-apotheke.at\/katalog\/wp-json\/wp\/v2\/product\/22971","targetHints":{"allow":["GET"]}}],"collection":[{"href":"https:\/\/www.ernstbrunn-apotheke.at\/katalog\/wp-json\/wp\/v2\/product"}],"about":[{"href":"https:\/\/www.ernstbrunn-apotheke.at\/katalog\/wp-json\/wp\/v2\/types\/product"}],"wp:featuredmedia":[{"embeddable":true,"href":"https:\/\/www.ernstbrunn-apotheke.at\/katalog\/wp-json\/wp\/v2\/media\/22973"}],"wp:attachment":[{"href":"https:\/\/www.ernstbrunn-apotheke.at\/katalog\/wp-json\/wp\/v2\/media?parent=22971"}],"wp:term":[{"taxonomy":"product_brand","embeddable":true,"href":"https:\/\/www.ernstbrunn-apotheke.at\/katalog\/wp-json\/wp\/v2\/product_brand?post=22971"},{"taxonomy":"product_cat","embeddable":true,"href":"https:\/\/www.ernstbrunn-apotheke.at\/katalog\/wp-json\/wp\/v2\/product_cat?post=22971"},{"taxonomy":"product_tag","embeddable":true,"href":"https:\/\/www.ernstbrunn-apotheke.at\/katalog\/wp-json\/wp\/v2\/product_tag?post=22971"}],"curies":[{"name":"wp","href":"https:\/\/api.w.org\/{rel}","templated":true}]}}