{"id":22837,"date":"2025-11-07T22:26:54","date_gmt":"2025-11-07T21:26:54","guid":{"rendered":"https:\/\/www.ernstbrunn-apotheke.at\/katalog\/produkt\/dr-hauschka-toenungscreme-30-ml\/"},"modified":"2025-12-08T14:30:43","modified_gmt":"2025-12-08T13:30:43","slug":"dr-hauschka-toenungscreme-30-ml","status":"publish","type":"product","link":"https:\/\/www.ernstbrunn-apotheke.at\/katalog\/produkt\/dr-hauschka-toenungscreme-30-ml\/","title":{"rendered":"Dr. Hauschka T\u00f6nungscreme 30 ml"},"content":{"rendered":"<p>Dr. Hauschka T\u00f6nungscreme vermittelt einen idealen Ausgleich der Fett- und Feuchtigkeitsprozesse f\u00fcr jedes Hautbild. Sie ist sehr gut vertr\u00e4glich und verleiht das Gef\u00fchl von erh\u00f6hter Spannkraft und Elastizit\u00e4t.<\/p>\n","protected":false},"excerpt":{"rendered":"<p>Dr. Hauschka T\u00f6nungscreme vermittelt einen idealen Ausgleich der Fett- und Feuchtigkeitsprozesse f\u00fcr jedes Hautbild. Sie ist sehr gut vertr\u00e4glich und verleiht das Gef\u00fchl von erh\u00f6hter Spannkraft und Elastizit\u00e4t.<\/p>\n","protected":false},"featured_media":22839,"template":"","meta":{"_acf_changed":false},"product_brand":[679],"product_cat":[792],"product_tag":[],"class_list":{"0":"post-22837","1":"product","2":"type-product","3":"status-publish","4":"has-post-thumbnail","6":"product_brand-dr-hauschka","7":"product_cat-d","8":"pa_packungsgroesse-30ml","10":"first","11":"instock","12":"shipping-taxable","13":"purchasable","14":"product-type-simple"},"acf":[],"_links":{"self":[{"href":"https:\/\/www.ernstbrunn-apotheke.at\/katalog\/wp-json\/wp\/v2\/product\/22837","targetHints":{"allow":["GET"]}}],"collection":[{"href":"https:\/\/www.ernstbrunn-apotheke.at\/katalog\/wp-json\/wp\/v2\/product"}],"about":[{"href":"https:\/\/www.ernstbrunn-apotheke.at\/katalog\/wp-json\/wp\/v2\/types\/product"}],"wp:featuredmedia":[{"embeddable":true,"href":"https:\/\/www.ernstbrunn-apotheke.at\/katalog\/wp-json\/wp\/v2\/media\/22839"}],"wp:attachment":[{"href":"https:\/\/www.ernstbrunn-apotheke.at\/katalog\/wp-json\/wp\/v2\/media?parent=22837"}],"wp:term":[{"taxonomy":"product_brand","embeddable":true,"href":"https:\/\/www.ernstbrunn-apotheke.at\/katalog\/wp-json\/wp\/v2\/product_brand?post=22837"},{"taxonomy":"product_cat","embeddable":true,"href":"https:\/\/www.ernstbrunn-apotheke.at\/katalog\/wp-json\/wp\/v2\/product_cat?post=22837"},{"taxonomy":"product_tag","embeddable":true,"href":"https:\/\/www.ernstbrunn-apotheke.at\/katalog\/wp-json\/wp\/v2\/product_tag?post=22837"}],"curies":[{"name":"wp","href":"https:\/\/api.w.org\/{rel}","templated":true}]}}