{"id":22783,"date":"2025-11-07T22:26:03","date_gmt":"2025-11-07T21:26:03","guid":{"rendered":"https:\/\/www.ernstbrunn-apotheke.at\/katalog\/produkt\/eubus-haut-ruhe-ectoakut-fuer-kinder\/"},"modified":"2025-12-08T14:30:26","modified_gmt":"2025-12-08T13:30:26","slug":"eubus-haut-ruhe-ectoakut-fuer-kinder","status":"publish","type":"product","link":"https:\/\/www.ernstbrunn-apotheke.at\/katalog\/produkt\/eubus-haut-ruhe-ectoakut-fuer-kinder\/","title":{"rendered":"Eubus Haut Ruhe EctoAkut f\u00fcr Kinder"},"content":{"rendered":"<p>Eubos Haut Ruhe EctoAkut 7% ist die ideale Akutpflege zur symptomatischen Behandlung von Dermatitis &#8211; Neurodermitis. EctoAkut st\u00e4rkt die Hautbarriere und sch\u00fctzt vor externen Stressfaktoren. Zus\u00e4tzlich wird der Regenerationsprozess von gesch\u00e4digter Haut gef\u00f6rdert. Jetzt mit hohem Rabatt bestellen!<\/p>\n","protected":false},"excerpt":{"rendered":"<p>Eubos Haut Ruhe EctoAkut 7% ist die ideale Akutpflege zur symptomatischen Behandlung von Dermatitis &#8211; Neurodermitis. EctoAkut st\u00e4rkt die Hautbarriere und sch\u00fctzt vor externen Stressfaktoren. Zus\u00e4tzlich wird der Regenerationsprozess von gesch\u00e4digter Haut gef\u00f6rdert. Jetzt mit hohem Rabatt bestellen!<\/p>\n","protected":false},"featured_media":22785,"template":"","meta":{"_acf_changed":false},"product_brand":[694],"product_cat":[794],"product_tag":[],"class_list":{"0":"post-22783","1":"product","2":"type-product","3":"status-publish","4":"has-post-thumbnail","6":"product_brand-eubos","7":"product_cat-e","8":"pa_packungsgroesse-30ml","10":"first","11":"instock","12":"shipping-taxable","13":"purchasable","14":"product-type-simple"},"acf":[],"_links":{"self":[{"href":"https:\/\/www.ernstbrunn-apotheke.at\/katalog\/wp-json\/wp\/v2\/product\/22783","targetHints":{"allow":["GET"]}}],"collection":[{"href":"https:\/\/www.ernstbrunn-apotheke.at\/katalog\/wp-json\/wp\/v2\/product"}],"about":[{"href":"https:\/\/www.ernstbrunn-apotheke.at\/katalog\/wp-json\/wp\/v2\/types\/product"}],"wp:featuredmedia":[{"embeddable":true,"href":"https:\/\/www.ernstbrunn-apotheke.at\/katalog\/wp-json\/wp\/v2\/media\/22785"}],"wp:attachment":[{"href":"https:\/\/www.ernstbrunn-apotheke.at\/katalog\/wp-json\/wp\/v2\/media?parent=22783"}],"wp:term":[{"taxonomy":"product_brand","embeddable":true,"href":"https:\/\/www.ernstbrunn-apotheke.at\/katalog\/wp-json\/wp\/v2\/product_brand?post=22783"},{"taxonomy":"product_cat","embeddable":true,"href":"https:\/\/www.ernstbrunn-apotheke.at\/katalog\/wp-json\/wp\/v2\/product_cat?post=22783"},{"taxonomy":"product_tag","embeddable":true,"href":"https:\/\/www.ernstbrunn-apotheke.at\/katalog\/wp-json\/wp\/v2\/product_tag?post=22783"}],"curies":[{"name":"wp","href":"https:\/\/api.w.org\/{rel}","templated":true}]}}