{"id":22607,"date":"2025-11-07T22:22:52","date_gmt":"2025-11-07T21:22:52","guid":{"rendered":"https:\/\/www.ernstbrunn-apotheke.at\/katalog\/produkt\/cellstar-beautybox-anti-age-3-stk\/"},"modified":"2025-12-08T14:28:57","modified_gmt":"2025-12-08T13:28:57","slug":"cellstar-beautybox-anti-age-3-stk","status":"publish","type":"product","link":"https:\/\/www.ernstbrunn-apotheke.at\/katalog\/produkt\/cellstar-beautybox-anti-age-3-stk\/","title":{"rendered":"Cellstar Beautybox Anti-Age 3 Stk."},"content":{"rendered":"<p>Die CELLSTAR Beauty Box ist unser reichhaltiges Luxus-Set mit einer einzigartigen Wirkstoffkombination bestehend aus der Intense Lifting Cream, dem Intense Lifting Serum und der Intense Lifting Eye Cream. Die Haut erh\u00e4lt ihr jugendliches Aussehen zur\u00fcck und Falten werden wirksam und langanhaltend reduziert. Zus\u00e4tzlich steigert die Pflege die Vitalit\u00e4t und Leuchtkraft der Haut, strafft die Gesichtskontur und versorgt die Haut intensiv mit Feuchtigkeit, wodurch die Hautstruktur verfeinert wird<\/p>\n","protected":false},"excerpt":{"rendered":"<p>Die CELLSTAR Beauty Box ist unser reichhaltiges Luxus-Set mit einer einzigartigen Wirkstoffkombination bestehend aus der Intense Lifting Cream, dem Intense Lifting Serum und der Intense Lifting Eye Cream. Die Haut erh\u00e4lt ihr jugendliches Aussehen zur\u00fcck und Falten werden wirksam und langanhaltend reduziert. Zus\u00e4tzlich steigert die Pflege die Vitalit\u00e4t und Leuchtkraft der Haut, strafft die Gesichtskontur [&hellip;]<\/p>\n","protected":false},"featured_media":22609,"template":"","meta":{"_acf_changed":false},"product_brand":[],"product_cat":[812],"product_tag":[],"class_list":{"0":"post-22607","1":"product","2":"type-product","3":"status-publish","4":"has-post-thumbnail","6":"product_cat-c","7":"pa_packungsgroesse-500","9":"first","10":"instock","11":"shipping-taxable","12":"purchasable","13":"product-type-simple"},"acf":[],"_links":{"self":[{"href":"https:\/\/www.ernstbrunn-apotheke.at\/katalog\/wp-json\/wp\/v2\/product\/22607","targetHints":{"allow":["GET"]}}],"collection":[{"href":"https:\/\/www.ernstbrunn-apotheke.at\/katalog\/wp-json\/wp\/v2\/product"}],"about":[{"href":"https:\/\/www.ernstbrunn-apotheke.at\/katalog\/wp-json\/wp\/v2\/types\/product"}],"wp:featuredmedia":[{"embeddable":true,"href":"https:\/\/www.ernstbrunn-apotheke.at\/katalog\/wp-json\/wp\/v2\/media\/22609"}],"wp:attachment":[{"href":"https:\/\/www.ernstbrunn-apotheke.at\/katalog\/wp-json\/wp\/v2\/media?parent=22607"}],"wp:term":[{"taxonomy":"product_brand","embeddable":true,"href":"https:\/\/www.ernstbrunn-apotheke.at\/katalog\/wp-json\/wp\/v2\/product_brand?post=22607"},{"taxonomy":"product_cat","embeddable":true,"href":"https:\/\/www.ernstbrunn-apotheke.at\/katalog\/wp-json\/wp\/v2\/product_cat?post=22607"},{"taxonomy":"product_tag","embeddable":true,"href":"https:\/\/www.ernstbrunn-apotheke.at\/katalog\/wp-json\/wp\/v2\/product_tag?post=22607"}],"curies":[{"name":"wp","href":"https:\/\/api.w.org\/{rel}","templated":true}]}}