{"id":22574,"date":"2025-11-07T22:22:17","date_gmt":"2025-11-07T21:22:17","guid":{"rendered":"https:\/\/www.ernstbrunn-apotheke.at\/katalog\/produkt\/dr-hauschka-augenbalsam-10-ml\/"},"modified":"2025-12-08T14:28:27","modified_gmt":"2025-12-08T13:28:27","slug":"dr-hauschka-augenbalsam-10-ml","status":"publish","type":"product","link":"https:\/\/www.ernstbrunn-apotheke.at\/katalog\/produkt\/dr-hauschka-augenbalsam-10-ml\/","title":{"rendered":"Dr. Hauschka Augenbalsam 10 ml"},"content":{"rendered":"<p>Dr. Hauschka Augenbalsam ist eine sch\u00fctzende Pflege mit intensiver Wirkung, die die Augenpartie sanft umh\u00fcllt. Die zarte und sehr d\u00fcnne Haut der Augenumgebung ist besonders empfindlich und neigt zu Trockenheitsf\u00e4ltchen. Mit dem Dr. Hauschka Augenbalsam k\u00f6nnen Sie dem gezielt entgegenwirken.<\/p>\n","protected":false},"excerpt":{"rendered":"<p>Dr. Hauschka Augenbalsam ist eine sch\u00fctzende Pflege mit intensiver Wirkung, die die Augenpartie sanft umh\u00fcllt. Die zarte und sehr d\u00fcnne Haut der Augenumgebung ist besonders empfindlich und neigt zu Trockenheitsf\u00e4ltchen. Mit dem Dr. Hauschka Augenbalsam k\u00f6nnen Sie dem gezielt entgegenwirken.<\/p>\n","protected":false},"featured_media":22576,"template":"","meta":{"_acf_changed":false},"product_brand":[679],"product_cat":[792],"product_tag":[],"class_list":{"0":"post-22574","1":"product","2":"type-product","3":"status-publish","4":"has-post-thumbnail","6":"product_brand-dr-hauschka","7":"product_cat-d","8":"pa_packungsgroesse-10ml","10":"first","11":"instock","12":"shipping-taxable","13":"purchasable","14":"product-type-simple"},"acf":[],"_links":{"self":[{"href":"https:\/\/www.ernstbrunn-apotheke.at\/katalog\/wp-json\/wp\/v2\/product\/22574","targetHints":{"allow":["GET"]}}],"collection":[{"href":"https:\/\/www.ernstbrunn-apotheke.at\/katalog\/wp-json\/wp\/v2\/product"}],"about":[{"href":"https:\/\/www.ernstbrunn-apotheke.at\/katalog\/wp-json\/wp\/v2\/types\/product"}],"wp:featuredmedia":[{"embeddable":true,"href":"https:\/\/www.ernstbrunn-apotheke.at\/katalog\/wp-json\/wp\/v2\/media\/22576"}],"wp:attachment":[{"href":"https:\/\/www.ernstbrunn-apotheke.at\/katalog\/wp-json\/wp\/v2\/media?parent=22574"}],"wp:term":[{"taxonomy":"product_brand","embeddable":true,"href":"https:\/\/www.ernstbrunn-apotheke.at\/katalog\/wp-json\/wp\/v2\/product_brand?post=22574"},{"taxonomy":"product_cat","embeddable":true,"href":"https:\/\/www.ernstbrunn-apotheke.at\/katalog\/wp-json\/wp\/v2\/product_cat?post=22574"},{"taxonomy":"product_tag","embeddable":true,"href":"https:\/\/www.ernstbrunn-apotheke.at\/katalog\/wp-json\/wp\/v2\/product_tag?post=22574"}],"curies":[{"name":"wp","href":"https:\/\/api.w.org\/{rel}","templated":true}]}}