{"id":21741,"date":"2025-11-07T22:00:39","date_gmt":"2025-11-07T21:00:39","guid":{"rendered":"https:\/\/www.ernstbrunn-apotheke.at\/katalog\/produkt\/eucerin-dermopure-reinigungsgel\/"},"modified":"2025-12-08T14:24:50","modified_gmt":"2025-12-08T13:24:50","slug":"eucerin-dermopure-reinigungsgel","status":"publish","type":"product","link":"https:\/\/www.ernstbrunn-apotheke.at\/katalog\/produkt\/eucerin-dermopure-reinigungsgel\/","title":{"rendered":"Eucerin DERMOPURE Reinigungsgel"},"content":{"rendered":"<p>Das Dermopure Reinigungsgel befreit die Haut effektiv und gleichzeitig sanft von \u00fcbersch\u00fcssigem Talg. Schmutzpartikel und Make-up werden durch die seifenfreie Formel mit 6 % Ampho-Tensiden entfernt. Die Haut f\u00fchlt sich rein, klar und geschmeidig an. Das seifen- und parf\u00fcmfreie Dermopure Reinigungsgel zur t\u00e4glichen Anwendung reinigt unreine, zu Akne neigende Haut sanft und doch wirkungsvoll. Mit 6 % Ampho-Tensiden entfernt es nicht nur Schmutz und Make-up, sondern auch \u00fcbersch\u00fcssigen Talg (Talgfluss). Dank seiner antibakteriellen Eigenschaften beseitigt das Gel Bakterien und hemmt das Bakterienwachstum. Es ist nicht komedogen und verstopft daher nicht die Poren..<\/p>\n","protected":false},"excerpt":{"rendered":"<p>Das Dermopure Reinigungsgel befreit die Haut effektiv und gleichzeitig sanft von \u00fcbersch\u00fcssigem Talg. Schmutzpartikel und Make-up werden durch die seifenfreie Formel mit 6 % Ampho-Tensiden entfernt. Die Haut f\u00fchlt sich rein, klar und geschmeidig an. Das seifen- und parf\u00fcmfreie Dermopure Reinigungsgel zur t\u00e4glichen Anwendung reinigt unreine, zu Akne neigende Haut sanft und doch wirkungsvoll. Mit [&hellip;]<\/p>\n","protected":false},"featured_media":21743,"template":"","meta":{"_acf_changed":false},"product_brand":[334],"product_cat":[794],"product_tag":[],"class_list":{"0":"post-21741","1":"product","2":"type-product","3":"status-publish","4":"has-post-thumbnail","6":"product_brand-eucerin","7":"product_cat-e","8":"pa_packungsgroesse-400ml","10":"first","11":"instock","12":"shipping-taxable","13":"purchasable","14":"product-type-simple"},"acf":[],"_links":{"self":[{"href":"https:\/\/www.ernstbrunn-apotheke.at\/katalog\/wp-json\/wp\/v2\/product\/21741","targetHints":{"allow":["GET"]}}],"collection":[{"href":"https:\/\/www.ernstbrunn-apotheke.at\/katalog\/wp-json\/wp\/v2\/product"}],"about":[{"href":"https:\/\/www.ernstbrunn-apotheke.at\/katalog\/wp-json\/wp\/v2\/types\/product"}],"wp:featuredmedia":[{"embeddable":true,"href":"https:\/\/www.ernstbrunn-apotheke.at\/katalog\/wp-json\/wp\/v2\/media\/21743"}],"wp:attachment":[{"href":"https:\/\/www.ernstbrunn-apotheke.at\/katalog\/wp-json\/wp\/v2\/media?parent=21741"}],"wp:term":[{"taxonomy":"product_brand","embeddable":true,"href":"https:\/\/www.ernstbrunn-apotheke.at\/katalog\/wp-json\/wp\/v2\/product_brand?post=21741"},{"taxonomy":"product_cat","embeddable":true,"href":"https:\/\/www.ernstbrunn-apotheke.at\/katalog\/wp-json\/wp\/v2\/product_cat?post=21741"},{"taxonomy":"product_tag","embeddable":true,"href":"https:\/\/www.ernstbrunn-apotheke.at\/katalog\/wp-json\/wp\/v2\/product_tag?post=21741"}],"curies":[{"name":"wp","href":"https:\/\/api.w.org\/{rel}","templated":true}]}}