{"id":21711,"date":"2025-11-07T22:00:39","date_gmt":"2025-11-07T21:00:39","guid":{"rendered":"https:\/\/www.ernstbrunn-apotheke.at\/katalog\/produkt\/eucerin-volume-filler-hyaluron-augenpflege\/"},"modified":"2025-12-08T14:24:41","modified_gmt":"2025-12-08T13:24:41","slug":"eucerin-volume-filler-hyaluron-augenpflege","status":"publish","type":"product","link":"https:\/\/www.ernstbrunn-apotheke.at\/katalog\/produkt\/eucerin-volume-filler-hyaluron-augenpflege\/","title":{"rendered":"Eucerin VOLUME-FILLER Hyaluron Augenpflege"},"content":{"rendered":"<p>Eucerin Hyaluron-Filler + Volume-Lift ist eine volumengebende Augenpflege f\u00fcr alle Hauttypen mit Magnolol, Oligo Peptiden und Hyalurons\u00e4ure, die verlorenes Volumen zur\u00fcck gibt und die Haut um die Augen aufpolstert. Mit LSF 15 und einem UVA-Filtersystem zum Schutz der empfindlichen Augenpartie. Augen\u00e4rztlich getestet. F\u00fcr Kontaktlinsentr\u00e4gerinnen geeignet.<\/p>\n","protected":false},"excerpt":{"rendered":"<p>Eucerin Hyaluron-Filler + Volume-Lift ist eine volumengebende Augenpflege f\u00fcr alle Hauttypen mit Magnolol, Oligo Peptiden und Hyalurons\u00e4ure, die verlorenes Volumen zur\u00fcck gibt und die Haut um die Augen aufpolstert. Mit LSF 15 und einem UVA-Filtersystem zum Schutz der empfindlichen Augenpartie. Augen\u00e4rztlich getestet. F\u00fcr Kontaktlinsentr\u00e4gerinnen geeignet.<\/p>\n","protected":false},"featured_media":21713,"template":"","meta":{"_acf_changed":false},"product_brand":[334],"product_cat":[794],"product_tag":[],"class_list":{"0":"post-21711","1":"product","2":"type-product","3":"status-publish","4":"has-post-thumbnail","6":"product_brand-eucerin","7":"product_cat-e","8":"pa_packungsgroesse-15ml","10":"first","11":"instock","12":"shipping-taxable","13":"purchasable","14":"product-type-simple"},"acf":[],"_links":{"self":[{"href":"https:\/\/www.ernstbrunn-apotheke.at\/katalog\/wp-json\/wp\/v2\/product\/21711","targetHints":{"allow":["GET"]}}],"collection":[{"href":"https:\/\/www.ernstbrunn-apotheke.at\/katalog\/wp-json\/wp\/v2\/product"}],"about":[{"href":"https:\/\/www.ernstbrunn-apotheke.at\/katalog\/wp-json\/wp\/v2\/types\/product"}],"wp:featuredmedia":[{"embeddable":true,"href":"https:\/\/www.ernstbrunn-apotheke.at\/katalog\/wp-json\/wp\/v2\/media\/21713"}],"wp:attachment":[{"href":"https:\/\/www.ernstbrunn-apotheke.at\/katalog\/wp-json\/wp\/v2\/media?parent=21711"}],"wp:term":[{"taxonomy":"product_brand","embeddable":true,"href":"https:\/\/www.ernstbrunn-apotheke.at\/katalog\/wp-json\/wp\/v2\/product_brand?post=21711"},{"taxonomy":"product_cat","embeddable":true,"href":"https:\/\/www.ernstbrunn-apotheke.at\/katalog\/wp-json\/wp\/v2\/product_cat?post=21711"},{"taxonomy":"product_tag","embeddable":true,"href":"https:\/\/www.ernstbrunn-apotheke.at\/katalog\/wp-json\/wp\/v2\/product_tag?post=21711"}],"curies":[{"name":"wp","href":"https:\/\/api.w.org\/{rel}","templated":true}]}}