{"id":21513,"date":"2025-11-07T21:59:06","date_gmt":"2025-11-07T20:59:06","guid":{"rendered":"https:\/\/www.ernstbrunn-apotheke.at\/katalog\/produkt\/labisan-protective-rose-7-ml\/"},"modified":"2025-12-08T14:23:43","modified_gmt":"2025-12-08T13:23:43","slug":"labisan-protective-rose-7-ml","status":"publish","type":"product","link":"https:\/\/www.ernstbrunn-apotheke.at\/katalog\/produkt\/labisan-protective-rose-7-ml\/","title":{"rendered":"Labisan Protective Rose 7 ml"},"content":{"rendered":"<p>Labisan sch\u00fctzt die Lippen &#8211; nicht nur im alpinen Bereich wie etwa beim Skifahren oder Bergsteigen wird ein professioneller Sonnenschutz ben\u00f6tigt, denn Schnee und Wasser sind durch ihre reflektorische Wirkung eine besondere Gefahr f\u00fcr empfindliche Lippen, sondern auch bei anderen Outdoor-Sportarten wie Biken, Nordic Walken oder Golfen sch\u00fctzt Labisan Protective die sensible Mundpartie vor Wind und Wetter und bietet optimale Pflege.<\/p>\n<p>&#13;<\/p>\n<p>\u00a0<\/p>\n<p>&#13;<\/p>\n<p><strong>Wirkung<\/strong><\/p>\n<p>&#13;<\/p>\n<p>Das in der Lippenschutzcreme Labisan Protective Rose enthaltene Allantoin unterst\u00fctzt Ihre Lippen beim Heilungsprozess und sorgt so f\u00fcr eine optimale Pflege. Durch Zusammensetzung und Konsistenz bietet es f\u00fcr Ihre Lippen zudem den besten Schutz vor UV-Strahlen und den extremen Wetterbedingungen im Hochgebirge sowie am Meer.<\/p>\n","protected":false},"excerpt":{"rendered":"<p>Labisan sch\u00fctzt die Lippen &#8211; nicht nur im alpinen Bereich wie etwa beim Skifahren oder Bergsteigen wird ein professioneller Sonnenschutz ben\u00f6tigt, denn Schnee und Wasser sind durch ihre reflektorische Wirkung eine besondere Gefahr f\u00fcr empfindliche Lippen, sondern auch bei anderen Outdoor-Sportarten wie Biken, Nordic Walken oder Golfen sch\u00fctzt Labisan Protective die sensible Mundpartie vor Wind [&hellip;]<\/p>\n","protected":false},"featured_media":21515,"template":"","meta":{"_acf_changed":false},"product_brand":[],"product_cat":[795],"product_tag":[],"class_list":{"0":"post-21513","1":"product","2":"type-product","3":"status-publish","4":"has-post-thumbnail","6":"product_cat-l","7":"pa_packungsgroesse-7ml","9":"first","10":"instock","11":"shipping-taxable","12":"purchasable","13":"product-type-simple"},"acf":[],"_links":{"self":[{"href":"https:\/\/www.ernstbrunn-apotheke.at\/katalog\/wp-json\/wp\/v2\/product\/21513","targetHints":{"allow":["GET"]}}],"collection":[{"href":"https:\/\/www.ernstbrunn-apotheke.at\/katalog\/wp-json\/wp\/v2\/product"}],"about":[{"href":"https:\/\/www.ernstbrunn-apotheke.at\/katalog\/wp-json\/wp\/v2\/types\/product"}],"wp:featuredmedia":[{"embeddable":true,"href":"https:\/\/www.ernstbrunn-apotheke.at\/katalog\/wp-json\/wp\/v2\/media\/21515"}],"wp:attachment":[{"href":"https:\/\/www.ernstbrunn-apotheke.at\/katalog\/wp-json\/wp\/v2\/media?parent=21513"}],"wp:term":[{"taxonomy":"product_brand","embeddable":true,"href":"https:\/\/www.ernstbrunn-apotheke.at\/katalog\/wp-json\/wp\/v2\/product_brand?post=21513"},{"taxonomy":"product_cat","embeddable":true,"href":"https:\/\/www.ernstbrunn-apotheke.at\/katalog\/wp-json\/wp\/v2\/product_cat?post=21513"},{"taxonomy":"product_tag","embeddable":true,"href":"https:\/\/www.ernstbrunn-apotheke.at\/katalog\/wp-json\/wp\/v2\/product_tag?post=21513"}],"curies":[{"name":"wp","href":"https:\/\/api.w.org\/{rel}","templated":true}]}}