{"id":21374,"date":"2025-11-07T21:58:09","date_gmt":"2025-11-07T20:58:09","guid":{"rendered":"https:\/\/www.ernstbrunn-apotheke.at\/katalog\/produkt\/dr-hauschka-reinigungsmilch-145-ml\/"},"modified":"2025-12-08T14:23:08","modified_gmt":"2025-12-08T13:23:08","slug":"dr-hauschka-reinigungsmilch-145-ml","status":"publish","type":"product","link":"https:\/\/www.ernstbrunn-apotheke.at\/katalog\/produkt\/dr-hauschka-reinigungsmilch-145-ml\/","title":{"rendered":"Dr. Hauschka Reinigungsmilch 145 ml"},"content":{"rendered":"<p>Die Dr. Hauschka Reinigungsmilch ist ein Produkt der Basispflege und empfiehlt sich sowohl morgens als auch abends f\u00fcr die sanfte Reinigung Ihres Gesichts. Mehr noch: Die Reinigungsmilch eignet sich auch, um Make-up zu entfernen. M\u00e4nner sch\u00e4tzen, dass sich die Reinigungsmilch auch als Rasiercreme verwenden l\u00e4sst.<\/p>\n","protected":false},"excerpt":{"rendered":"<p>Die Dr. Hauschka Reinigungsmilch ist ein Produkt der Basispflege und empfiehlt sich sowohl morgens als auch abends f\u00fcr die sanfte Reinigung Ihres Gesichts. Mehr noch: Die Reinigungsmilch eignet sich auch, um Make-up zu entfernen. M\u00e4nner sch\u00e4tzen, dass sich die Reinigungsmilch auch als Rasiercreme verwenden l\u00e4sst.<\/p>\n","protected":false},"featured_media":21376,"template":"","meta":{"_acf_changed":false},"product_brand":[679],"product_cat":[792],"product_tag":[],"class_list":{"0":"post-21374","1":"product","2":"type-product","3":"status-publish","4":"has-post-thumbnail","6":"product_brand-dr-hauschka","7":"product_cat-d","8":"pa_packungsgroesse-145ml","10":"first","11":"instock","12":"shipping-taxable","13":"purchasable","14":"product-type-simple"},"acf":[],"_links":{"self":[{"href":"https:\/\/www.ernstbrunn-apotheke.at\/katalog\/wp-json\/wp\/v2\/product\/21374","targetHints":{"allow":["GET"]}}],"collection":[{"href":"https:\/\/www.ernstbrunn-apotheke.at\/katalog\/wp-json\/wp\/v2\/product"}],"about":[{"href":"https:\/\/www.ernstbrunn-apotheke.at\/katalog\/wp-json\/wp\/v2\/types\/product"}],"wp:featuredmedia":[{"embeddable":true,"href":"https:\/\/www.ernstbrunn-apotheke.at\/katalog\/wp-json\/wp\/v2\/media\/21376"}],"wp:attachment":[{"href":"https:\/\/www.ernstbrunn-apotheke.at\/katalog\/wp-json\/wp\/v2\/media?parent=21374"}],"wp:term":[{"taxonomy":"product_brand","embeddable":true,"href":"https:\/\/www.ernstbrunn-apotheke.at\/katalog\/wp-json\/wp\/v2\/product_brand?post=21374"},{"taxonomy":"product_cat","embeddable":true,"href":"https:\/\/www.ernstbrunn-apotheke.at\/katalog\/wp-json\/wp\/v2\/product_cat?post=21374"},{"taxonomy":"product_tag","embeddable":true,"href":"https:\/\/www.ernstbrunn-apotheke.at\/katalog\/wp-json\/wp\/v2\/product_tag?post=21374"}],"curies":[{"name":"wp","href":"https:\/\/api.w.org\/{rel}","templated":true}]}}